{"id":1008,"date":"2025-04-14T20:48:18","date_gmt":"2025-04-14T20:48:18","guid":{"rendered":"https:\/\/importadoracristinateran.com\/?post_type=product&#038;p=1008"},"modified":"2025-05-06T16:45:39","modified_gmt":"2025-05-06T16:45:39","slug":"geriox","status":"publish","type":"product","link":"https:\/\/importadoracristinateran.com\/?product=geriox","title":{"rendered":"Geriox"},"content":{"rendered":"<h3>Indicaciones:<\/h3>\n<ul>\n<li>Puede utilizarse en cualquier etapa de la vida de animal. El inicio del tratamiento estar\u00e1 sujeto a la especie, talla y criterio del profesional.<\/li>\n<li>En adultos mayores, se recomienda su uso previo a la aparici\u00f3n de s\u00edntomas y signos cl\u00ednicos asociados a la edad senil o, en su defecto, una vez instalados.<\/li>\n<li>Especialmente indicado en pacientes con nefropat\u00eda cr\u00f3nica, infecciones urinarias recurrentes y\/o cardiopat\u00edas. Pacientes en recuperaci\u00f3n de estados convalecientes o que cursan enfermedades cr\u00f3nicas (infecciosas, parasitarias, endocrinas o inmunomediadas).<\/li>\n<li>Prevenci\u00f3n de la carcinog\u00e9nesis o como complemento en tratamientos oncol\u00f3gicos instaurados.<\/li>\n<li>Indicado para retrasar la progresi\u00f3n de patolog\u00edas degenerativas como la artrosis y\/o el S\u00edndrome de Disfunci\u00f3n Cognitiva.<\/li>\n<\/ul>\n<h3>Dosis y V\u00edas de administraci\u00f3n:<\/h3>\n<p>Perros y gatos de hasta 10 Kg de peso: \u00bd comprimido d\u00eda, v\u00eda oral.<br \/>\nPerros hasta 25 Kg de peso: 1 comprimido d\u00eda, v\u00eda oral.<br \/>\nPerros de m\u00e1s de 25 Kg de peso: 2 comprimidos d\u00eda, v\u00eda oral.<\/p>\n","protected":false},"excerpt":{"rendered":"<p>Gerioox, producto desarrollado para retrasar los signos asociados al proceso de envejecimiento. Por su alto contenido de \u00c1cidos Grasos Omega 3, Antioxidantes y Glicosaminoglicanos, Gerioox protege los endotelios vasculares y reactiva la microcirculaci\u00f3n, potenciando la oxigenaci\u00f3n y desintoxicaci\u00f3n a nivel celular. Mejora la perfusi\u00f3n renal y de los diferentes \u00f3rganos. Con acciones inmunomoduladoras, antioxidantes y condroprotectoras. Disminuye los procesos neurodegenerativos e inflamatorios. Estimula el apetito, mejora el estado cognitivo y protege los \u00f3rganos de los sentidos. Sus efectos globales se traducen en una calidad de vida superior.<\/p>\n","protected":false},"featured_media":1009,"comment_status":"open","ping_status":"closed","template":"","meta":{"_uag_custom_page_level_css":"","site-sidebar-layout":"default","site-content-layout":"","ast-site-content-layout":"default","site-content-style":"default","site-sidebar-style":"default","ast-global-header-display":"","ast-banner-title-visibility":"","ast-main-header-display":"","ast-hfb-above-header-display":"","ast-hfb-below-header-display":"","ast-hfb-mobile-header-display":"","site-post-title":"","ast-breadcrumbs-content":"","ast-featured-img":"","footer-sml-layout":"","theme-transparent-header-meta":"default","adv-header-id-meta":"","stick-header-meta":"","header-above-stick-meta":"","header-main-stick-meta":"","header-below-stick-meta":"","astra-migrate-meta-layouts":"set","ast-page-background-enabled":"default","ast-page-background-meta":{"desktop":{"background-color":"var(--ast-global-color-5)","background-image":"","background-repeat":"repeat","background-position":"center center","background-size":"auto","background-attachment":"scroll","background-type":"","background-media":"","overlay-type":"","overlay-color":"","overlay-opacity":"","overlay-gradient":""},"tablet":{"background-color":"","background-image":"","background-repeat":"repeat","background-position":"center center","background-size":"auto","background-attachment":"scroll","background-type":"","background-media":"","overlay-type":"","overlay-color":"","overlay-opacity":"","overlay-gradient":""},"mobile":{"background-color":"","background-image":"","background-repeat":"repeat","background-position":"center center","background-size":"auto","background-attachment":"scroll","background-type":"","background-media":"","overlay-type":"","overlay-color":"","overlay-opacity":"","overlay-gradient":""}},"ast-content-background-meta":{"desktop":{"background-color":"var(--ast-global-color-4)","background-image":"","background-repeat":"repeat","background-position":"center center","background-size":"auto","background-attachment":"scroll","background-type":"","background-media":"","overlay-type":"","overlay-color":"","overlay-opacity":"","overlay-gradient":""},"tablet":{"background-color":"var(--ast-global-color-4)","background-image":"","background-repeat":"repeat","background-position":"center center","background-size":"auto","background-attachment":"scroll","background-type":"","background-media":"","overlay-type":"","overlay-color":"","overlay-opacity":"","overlay-gradient":""},"mobile":{"background-color":"var(--ast-global-color-4)","background-image":"","background-repeat":"repeat","background-position":"center center","background-size":"auto","background-attachment":"scroll","background-type":"","background-media":"","overlay-type":"","overlay-color":"","overlay-opacity":"","overlay-gradient":""}},"_joinchat":[]},"product_brand":[],"product_cat":[90],"product_tag":[95],"class_list":{"0":"post-1008","1":"product","2":"type-product","3":"status-publish","4":"has-post-thumbnail","6":"product_cat-lab-labyes","7":"product_tag-comprimidos","8":"desktop-align-left","9":"tablet-align-left","10":"mobile-align-left","12":"first","13":"instock","14":"shipping-taxable","15":"product-type-external"},"aioseo_notices":[],"uagb_featured_image_src":{"full":["https:\/\/importadoracristinateran.com\/wp-content\/uploads\/2025\/04\/geriox.png",1080,1080,false],"thumbnail":["https:\/\/importadoracristinateran.com\/wp-content\/uploads\/2025\/04\/geriox-150x150.png",150,150,true],"medium":["https:\/\/importadoracristinateran.com\/wp-content\/uploads\/2025\/04\/geriox-300x300.png",300,300,true],"medium_large":["https:\/\/importadoracristinateran.com\/wp-content\/uploads\/2025\/04\/geriox-768x768.png",768,768,true],"large":["https:\/\/importadoracristinateran.com\/wp-content\/uploads\/2025\/04\/geriox-1024x1024.png",1024,1024,true],"1536x1536":["https:\/\/importadoracristinateran.com\/wp-content\/uploads\/2025\/04\/geriox.png",1080,1080,false],"2048x2048":["https:\/\/importadoracristinateran.com\/wp-content\/uploads\/2025\/04\/geriox.png",1080,1080,false],"woocommerce_thumbnail":["https:\/\/importadoracristinateran.com\/wp-content\/uploads\/2025\/04\/geriox-300x300.png",300,300,true],"woocommerce_single":["https:\/\/importadoracristinateran.com\/wp-content\/uploads\/2025\/04\/geriox-600x600.png",600,600,true],"woocommerce_gallery_thumbnail":["https:\/\/importadoracristinateran.com\/wp-content\/uploads\/2025\/04\/geriox-100x100.png",100,100,true],"dgwt-wcas-product-suggestion":["https:\/\/importadoracristinateran.com\/wp-content\/uploads\/2025\/04\/geriox-64x64.png",64,64,true]},"uagb_author_info":{"display_name":"mcris.import@gmail.com","author_link":"https:\/\/importadoracristinateran.com\/?author=0"},"uagb_comment_info":0,"uagb_excerpt":"Gerioox, producto desarrollado para retrasar los signos asociados al proceso de envejecimiento. Por su alto contenido de \u00c1cidos Grasos Omega 3, Antioxidantes y Glicosaminoglicanos, Gerioox protege los endotelios vasculares y reactiva la microcirculaci\u00f3n, potenciando la oxigenaci\u00f3n y desintoxicaci\u00f3n a nivel celular. Mejora la perfusi\u00f3n renal y de los diferentes \u00f3rganos. Con acciones inmunomoduladoras, antioxidantes y&hellip;","_links":{"self":[{"href":"https:\/\/importadoracristinateran.com\/index.php?rest_route=\/wp\/v2\/product\/1008","targetHints":{"allow":["GET"]}}],"collection":[{"href":"https:\/\/importadoracristinateran.com\/index.php?rest_route=\/wp\/v2\/product"}],"about":[{"href":"https:\/\/importadoracristinateran.com\/index.php?rest_route=\/wp\/v2\/types\/product"}],"replies":[{"embeddable":true,"href":"https:\/\/importadoracristinateran.com\/index.php?rest_route=%2Fwp%2Fv2%2Fcomments&post=1008"}],"wp:featuredmedia":[{"embeddable":true,"href":"https:\/\/importadoracristinateran.com\/index.php?rest_route=\/wp\/v2\/media\/1009"}],"wp:attachment":[{"href":"https:\/\/importadoracristinateran.com\/index.php?rest_route=%2Fwp%2Fv2%2Fmedia&parent=1008"}],"wp:term":[{"taxonomy":"product_brand","embeddable":true,"href":"https:\/\/importadoracristinateran.com\/index.php?rest_route=%2Fwp%2Fv2%2Fproduct_brand&post=1008"},{"taxonomy":"product_cat","embeddable":true,"href":"https:\/\/importadoracristinateran.com\/index.php?rest_route=%2Fwp%2Fv2%2Fproduct_cat&post=1008"},{"taxonomy":"product_tag","embeddable":true,"href":"https:\/\/importadoracristinateran.com\/index.php?rest_route=%2Fwp%2Fv2%2Fproduct_tag&post=1008"}],"curies":[{"name":"wp","href":"https:\/\/api.w.org\/{rel}","templated":true}]}}