{"id":1057,"date":"2025-04-14T23:53:42","date_gmt":"2025-04-14T23:53:42","guid":{"rendered":"https:\/\/importadoracristinateran.com\/?post_type=product&#038;p=1057"},"modified":"2025-05-09T23:21:39","modified_gmt":"2025-05-09T23:21:39","slug":"calm-comportamiento-armonico","status":"publish","type":"product","link":"https:\/\/importadoracristinateran.com\/?product=calm-comportamiento-armonico","title":{"rendered":"Calm-Comportamiento Arm\u00f3nico"},"content":{"rendered":"<h2>Descripci\u00f3n<\/h2>\n<p><strong>COMPORTAMIENTO ARM\u00d3NICO<\/strong><br \/>\nAyuda a mantener un comportamiento tranquilo en casos de ansiedad, vocalizaci\u00f3n excesiva, saltos, caminar nervioso y dar vueltas.<\/p>\n<p><strong>MANEJO DEL ESTR\u00c9S<\/strong><br \/>\nSoporte a situaciones estresantes como separaci\u00f3n, ausencias, visitantes desconocidos, sonidos novedosos, viajes o cambios en la rutina.<\/p>\n<p><strong>BIENESTAR GENERAL<\/strong><br \/>\nPromueve un estado emocional positivo y un sistema inmunol\u00f3gico saludable.<\/p>\n<p><strong>Contenido nutricional:<\/strong><br \/>\nProte\u00edna (m\u00edn.)\u00a0 \u00a0 \u00a0 \u00a0 \u00a038%<br \/>\nGrasa (m\u00edn.)\u00a0 \u00a0 \u00a0 \u00a0 \u00a0 \u00a0 \u00a0 \u00a0 4%<br \/>\nFibra (m\u00e1x.)\u00a0 \u00a0 \u00a0 \u00a0 \u00a0 \u00a0 \u00a0 \u00a0 4%<br \/>\nHumedad (m\u00e1x.)\u00a0 \u00a0 \u00a0 \u00a08%<br \/>\nCeniza (m\u00e1x.)\u00a0 \u00a0 \u00a0 \u00a0 \u00a0 \u00a011%<\/p>\n<p><strong>Ingredientes:<\/strong><br \/>\nMaltodextrina, Hidrolizado Proteico de Pollo, Vitamina C, Vitamina E, Extracto de Manzanilla org\u00e1nica, Aceite de girasol, Levadura, Selenio, \u00c1cido C\u00edtrico, Panax Ginseng org\u00e1nico, L teanina , Extracto de Pasiflora org\u00e1nica, Extracto de Valeriana org\u00e1nica, Semillas de linaza, Vitamina A, \u00c1cido s\u00f3rbico, Melatonina, Extracto de Romero org\u00e1nico, Benzoato de sodio, L tript\u00f3fano.<\/p>\n<p><strong>L-tript\u00f3fano<\/strong><\/p>\n<ul>\n<li>Amino\u00e1cido esencial<\/li>\n<li>Precursor de la serotonina y melatonina<\/li>\n<li>Efecto calmante y estabilizador sobre el comportamiento<\/li>\n<li>Regulador del Ritmo Circadiano.<\/li>\n<\/ul>\n<p><strong>Extracto de Manzanilla org\u00e1nica (Chamaemelum nobile)<\/strong><\/p>\n<ul>\n<li>Hierba perenne<\/li>\n<li>Propiedades sedantes, tranquilizantes, y relajante natural<\/li>\n<li>Antiinflamatorio natural<\/li>\n<li>Propiedades Digestivas y Antibacterianas.<\/li>\n<\/ul>\n<p><strong>Extracto de Valeriana org\u00e1nica (Valeriana officinalis)<\/strong><\/p>\n<ul>\n<li>Hierba perenne<\/li>\n<li>Alivia la tensi\u00f3n nerviosa<\/li>\n<li>Posee acci\u00f3n sedante e inductora del sue\u00f1o.<\/li>\n<\/ul>\n<p><strong>Panax ginseng org\u00e1nico<\/strong><\/p>\n<ul>\n<li>Planta perenne<\/li>\n<li>Propiedades sedantes, tranquilizantes.<\/li>\n<\/ul>\n<p><strong>Extracto de Pasiflora org\u00e1nica (Passiflora incarnata)<\/strong><\/p>\n<ul>\n<li>Liana trepadora<\/li>\n<li>Propiedades sedantes, tranquilizantes, y relajante natural.<\/li>\n<\/ul>\n<p><strong>Melatonina<\/strong><\/p>\n<ul>\n<li>Hormona<\/li>\n<li>Regula el Ritmo Circadiano<\/li>\n<li>Ayuda a restaurar los ciclos naturales del sue\u00f1o<\/li>\n<li>Efectos calmantes.<\/li>\n<\/ul>\n<p><strong>L-teanina<\/strong><\/p>\n<ul>\n<li>Amino\u00e1cido<\/li>\n<li>Aumenta liberaci\u00f3n de GABA que regula a la serotonina<\/li>\n<li>Inhibe la uni\u00f3n del neurotransmisor excitador (\u00e1cid L glut\u00e1mico) en los receptores del glutamato<\/li>\n<li>Facilita la generaci\u00f3n de ondas alfa en el cerebro, que est\u00e1n asociadas con estados de relajaci\u00f3n.<\/li>\n<\/ul>\n","protected":false},"excerpt":{"rendered":"<ul>\n<li>Efecto calmante y estabilizador sobre el comportamiento<\/li>\n<li>Manejo de estr\u00e9s<\/li>\n<li>Bienestar General<\/li>\n<\/ul>\n","protected":false},"featured_media":1058,"comment_status":"open","ping_status":"closed","template":"","meta":{"_uag_custom_page_level_css":"","site-sidebar-layout":"default","site-content-layout":"","ast-site-content-layout":"default","site-content-style":"default","site-sidebar-style":"default","ast-global-header-display":"","ast-banner-title-visibility":"","ast-main-header-display":"","ast-hfb-above-header-display":"","ast-hfb-below-header-display":"","ast-hfb-mobile-header-display":"","site-post-title":"","ast-breadcrumbs-content":"","ast-featured-img":"","footer-sml-layout":"","theme-transparent-header-meta":"default","adv-header-id-meta":"","stick-header-meta":"","header-above-stick-meta":"","header-main-stick-meta":"","header-below-stick-meta":"","astra-migrate-meta-layouts":"set","ast-page-background-enabled":"default","ast-page-background-meta":{"desktop":{"background-color":"var(--ast-global-color-5)","background-image":"","background-repeat":"repeat","background-position":"center center","background-size":"auto","background-attachment":"scroll","background-type":"","background-media":"","overlay-type":"","overlay-color":"","overlay-opacity":"","overlay-gradient":""},"tablet":{"background-color":"","background-image":"","background-repeat":"repeat","background-position":"center center","background-size":"auto","background-attachment":"scroll","background-type":"","background-media":"","overlay-type":"","overlay-color":"","overlay-opacity":"","overlay-gradient":""},"mobile":{"background-color":"","background-image":"","background-repeat":"repeat","background-position":"center center","background-size":"auto","background-attachment":"scroll","background-type":"","background-media":"","overlay-type":"","overlay-color":"","overlay-opacity":"","overlay-gradient":""}},"ast-content-background-meta":{"desktop":{"background-color":"var(--ast-global-color-4)","background-image":"","background-repeat":"repeat","background-position":"center center","background-size":"auto","background-attachment":"scroll","background-type":"","background-media":"","overlay-type":"","overlay-color":"","overlay-opacity":"","overlay-gradient":""},"tablet":{"background-color":"var(--ast-global-color-4)","background-image":"","background-repeat":"repeat","background-position":"center center","background-size":"auto","background-attachment":"scroll","background-type":"","background-media":"","overlay-type":"","overlay-color":"","overlay-opacity":"","overlay-gradient":""},"mobile":{"background-color":"var(--ast-global-color-4)","background-image":"","background-repeat":"repeat","background-position":"center center","background-size":"auto","background-attachment":"scroll","background-type":"","background-media":"","overlay-type":"","overlay-color":"","overlay-opacity":"","overlay-gradient":""}},"_joinchat":[]},"product_brand":[],"product_cat":[96],"product_tag":[],"class_list":{"0":"post-1057","1":"product","2":"type-product","3":"status-publish","4":"has-post-thumbnail","6":"product_cat-labnova","7":"desktop-align-left","8":"tablet-align-left","9":"mobile-align-left","11":"first","12":"instock","13":"shipping-taxable","14":"product-type-external"},"aioseo_notices":[],"uagb_featured_image_src":{"full":["https:\/\/importadoracristinateran.com\/wp-content\/uploads\/2025\/04\/novapetcare1.png",1080,1080,false],"thumbnail":["https:\/\/importadoracristinateran.com\/wp-content\/uploads\/2025\/04\/novapetcare1-150x150.png",150,150,true],"medium":["https:\/\/importadoracristinateran.com\/wp-content\/uploads\/2025\/04\/novapetcare1-300x300.png",300,300,true],"medium_large":["https:\/\/importadoracristinateran.com\/wp-content\/uploads\/2025\/04\/novapetcare1-768x768.png",768,768,true],"large":["https:\/\/importadoracristinateran.com\/wp-content\/uploads\/2025\/04\/novapetcare1-1024x1024.png",1024,1024,true],"1536x1536":["https:\/\/importadoracristinateran.com\/wp-content\/uploads\/2025\/04\/novapetcare1.png",1080,1080,false],"2048x2048":["https:\/\/importadoracristinateran.com\/wp-content\/uploads\/2025\/04\/novapetcare1.png",1080,1080,false],"woocommerce_thumbnail":["https:\/\/importadoracristinateran.com\/wp-content\/uploads\/2025\/04\/novapetcare1-300x300.png",300,300,true],"woocommerce_single":["https:\/\/importadoracristinateran.com\/wp-content\/uploads\/2025\/04\/novapetcare1-600x600.png",600,600,true],"woocommerce_gallery_thumbnail":["https:\/\/importadoracristinateran.com\/wp-content\/uploads\/2025\/04\/novapetcare1-100x100.png",100,100,true],"dgwt-wcas-product-suggestion":["https:\/\/importadoracristinateran.com\/wp-content\/uploads\/2025\/04\/novapetcare1-64x64.png",64,64,true]},"uagb_author_info":{"display_name":"mcris.import@gmail.com","author_link":"https:\/\/importadoracristinateran.com\/?author=0"},"uagb_comment_info":0,"uagb_excerpt":"Efecto calmante y estabilizador sobre el comportamiento Manejo de estr\u00e9s Bienestar General","_links":{"self":[{"href":"https:\/\/importadoracristinateran.com\/index.php?rest_route=\/wp\/v2\/product\/1057","targetHints":{"allow":["GET"]}}],"collection":[{"href":"https:\/\/importadoracristinateran.com\/index.php?rest_route=\/wp\/v2\/product"}],"about":[{"href":"https:\/\/importadoracristinateran.com\/index.php?rest_route=\/wp\/v2\/types\/product"}],"replies":[{"embeddable":true,"href":"https:\/\/importadoracristinateran.com\/index.php?rest_route=%2Fwp%2Fv2%2Fcomments&post=1057"}],"wp:featuredmedia":[{"embeddable":true,"href":"https:\/\/importadoracristinateran.com\/index.php?rest_route=\/wp\/v2\/media\/1058"}],"wp:attachment":[{"href":"https:\/\/importadoracristinateran.com\/index.php?rest_route=%2Fwp%2Fv2%2Fmedia&parent=1057"}],"wp:term":[{"taxonomy":"product_brand","embeddable":true,"href":"https:\/\/importadoracristinateran.com\/index.php?rest_route=%2Fwp%2Fv2%2Fproduct_brand&post=1057"},{"taxonomy":"product_cat","embeddable":true,"href":"https:\/\/importadoracristinateran.com\/index.php?rest_route=%2Fwp%2Fv2%2Fproduct_cat&post=1057"},{"taxonomy":"product_tag","embeddable":true,"href":"https:\/\/importadoracristinateran.com\/index.php?rest_route=%2Fwp%2Fv2%2Fproduct_tag&post=1057"}],"curies":[{"name":"wp","href":"https:\/\/api.w.org\/{rel}","templated":true}]}}