{"id":1414,"date":"2025-04-29T22:16:52","date_gmt":"2025-04-29T22:16:52","guid":{"rendered":"https:\/\/importadoracristinateran.com\/?post_type=product&#038;p=1414"},"modified":"2025-04-29T22:17:04","modified_gmt":"2025-04-29T22:17:04","slug":"kaproboot","status":"publish","type":"product","link":"https:\/\/importadoracristinateran.com\/?product=kaproboot","title":{"rendered":"kaproboot"},"content":{"rendered":"<p><strong>F\u00f3rmula o composici\u00f3n:<\/strong><br \/>\n\uf0b7 Cada tableta contiene:<br \/>\nCarprofeno 25 mg.<br \/>\nExcipientes c.s.p 280 mg.<br \/>\n\uf0b7 Cada tableta contiene:<br \/>\nCarprofeno 100 mg.<br \/>\nExcipientes c.s.p 1120 mg.<br \/>\n<strong>Indicaciones de uso:<\/strong><br \/>\nCARPROFEN es un antiinflamatorio no esteroideos (AINES) , indicado para disminuir la inflamaci\u00f3n y el dolor del sistema m\u00fasculo esquel\u00e9tico en caninos.<br \/>\nCARPROFEN posee propiedades antiinflamatorias, analg\u00e9sicas y antipir\u00e9ticas, puede ser utilizado en casos de dolor cr\u00f3nico y\/o agudo, dolor post- quir\u00fargico y otros trastornos inflamatorios donde se requiera una acci\u00f3n analg\u00e9sica.<\/p>\n","protected":false},"excerpt":{"rendered":"<p><strong>\u00a0Volumen, peso o contenido:<\/strong><br \/>\nFrasco de 30 tabletas.<br \/>\nFrasco de 50 tabletas.<br \/>\n<strong>\u00a0Especie de destino y Dosificaci\u00f3n:<\/strong><br \/>\nDosis recomendada en Caninos es de 2,2mg por kg de peso 2 veces al d\u00eda o 4,4 mg por kg de peso en dosis \u00fanica diaria v\u00eda oral.<br \/>\nLa dosis del producto, intervalo de dosificaci\u00f3n y duraci\u00f3n del tratamiento podr\u00e1n ser modificados a indicaci\u00f3n expresa del m\u00e9dico veterinario.<br \/>\n<strong>\u00a0Advertencias y precauciones:<\/strong><br \/>\n&#8211; Usar \u00fanicamente en perros, no usar en gatos.<br \/>\n&#8211; No se recomienda su uso en hembras gestantes o en lactancia, salvo criterio veterinario.<br \/>\n&#8211; No administrar en animales con problemas gastrointestinales, renales o hep\u00e1ticos.<br \/>\n&#8211; No usar en conjunto con otros AINES o glucocorticoides.<br \/>\n&#8211; Algunos animales pueden presentar reacciones de hipersensibilidad a los componentes de este producto, en caso de presentarse suspender su uso inmediatamente.<\/p>\n","protected":false},"featured_media":1416,"comment_status":"open","ping_status":"closed","template":"","meta":{"_uag_custom_page_level_css":"","site-sidebar-layout":"default","site-content-layout":"","ast-site-content-layout":"default","site-content-style":"default","site-sidebar-style":"default","ast-global-header-display":"","ast-banner-title-visibility":"","ast-main-header-display":"","ast-hfb-above-header-display":"","ast-hfb-below-header-display":"","ast-hfb-mobile-header-display":"","site-post-title":"","ast-breadcrumbs-content":"","ast-featured-img":"","footer-sml-layout":"","theme-transparent-header-meta":"default","adv-header-id-meta":"","stick-header-meta":"","header-above-stick-meta":"","header-main-stick-meta":"","header-below-stick-meta":"","astra-migrate-meta-layouts":"set","ast-page-background-enabled":"default","ast-page-background-meta":{"desktop":{"background-color":"var(--ast-global-color-5)","background-image":"","background-repeat":"repeat","background-position":"center center","background-size":"auto","background-attachment":"scroll","background-type":"","background-media":"","overlay-type":"","overlay-color":"","overlay-opacity":"","overlay-gradient":""},"tablet":{"background-color":"","background-image":"","background-repeat":"repeat","background-position":"center center","background-size":"auto","background-attachment":"scroll","background-type":"","background-media":"","overlay-type":"","overlay-color":"","overlay-opacity":"","overlay-gradient":""},"mobile":{"background-color":"","background-image":"","background-repeat":"repeat","background-position":"center center","background-size":"auto","background-attachment":"scroll","background-type":"","background-media":"","overlay-type":"","overlay-color":"","overlay-opacity":"","overlay-gradient":""}},"ast-content-background-meta":{"desktop":{"background-color":"var(--ast-global-color-4)","background-image":"","background-repeat":"repeat","background-position":"center center","background-size":"auto","background-attachment":"scroll","background-type":"","background-media":"","overlay-type":"","overlay-color":"","overlay-opacity":"","overlay-gradient":""},"tablet":{"background-color":"var(--ast-global-color-4)","background-image":"","background-repeat":"repeat","background-position":"center center","background-size":"auto","background-attachment":"scroll","background-type":"","background-media":"","overlay-type":"","overlay-color":"","overlay-opacity":"","overlay-gradient":""},"mobile":{"background-color":"var(--ast-global-color-4)","background-image":"","background-repeat":"repeat","background-position":"center center","background-size":"auto","background-attachment":"scroll","background-type":"","background-media":"","overlay-type":"","overlay-color":"","overlay-opacity":"","overlay-gradient":""}},"_joinchat":[]},"product_brand":[],"product_cat":[45],"product_tag":[],"class_list":{"0":"post-1414","1":"product","2":"type-product","3":"status-publish","4":"has-post-thumbnail","6":"product_cat-labvetriz","7":"desktop-align-left","8":"tablet-align-left","9":"mobile-align-left","11":"first","12":"instock","13":"shipping-taxable","14":"product-type-external"},"aioseo_notices":[],"uagb_featured_image_src":{"full":["https:\/\/importadoracristinateran.com\/wp-content\/uploads\/2025\/04\/kaproboot2.jpg",1080,1080,false],"thumbnail":["https:\/\/importadoracristinateran.com\/wp-content\/uploads\/2025\/04\/kaproboot2-150x150.jpg",150,150,true],"medium":["https:\/\/importadoracristinateran.com\/wp-content\/uploads\/2025\/04\/kaproboot2-300x300.jpg",300,300,true],"medium_large":["https:\/\/importadoracristinateran.com\/wp-content\/uploads\/2025\/04\/kaproboot2-768x768.jpg",768,768,true],"large":["https:\/\/importadoracristinateran.com\/wp-content\/uploads\/2025\/04\/kaproboot2-1024x1024.jpg",1024,1024,true],"1536x1536":["https:\/\/importadoracristinateran.com\/wp-content\/uploads\/2025\/04\/kaproboot2.jpg",1080,1080,false],"2048x2048":["https:\/\/importadoracristinateran.com\/wp-content\/uploads\/2025\/04\/kaproboot2.jpg",1080,1080,false],"woocommerce_thumbnail":["https:\/\/importadoracristinateran.com\/wp-content\/uploads\/2025\/04\/kaproboot2-300x300.jpg",300,300,true],"woocommerce_single":["https:\/\/importadoracristinateran.com\/wp-content\/uploads\/2025\/04\/kaproboot2-600x600.jpg",600,600,true],"woocommerce_gallery_thumbnail":["https:\/\/importadoracristinateran.com\/wp-content\/uploads\/2025\/04\/kaproboot2-100x100.jpg",100,100,true],"dgwt-wcas-product-suggestion":["https:\/\/importadoracristinateran.com\/wp-content\/uploads\/2025\/04\/kaproboot2-64x64.jpg",64,64,true]},"uagb_author_info":{"display_name":"mcris.import@gmail.com","author_link":"https:\/\/importadoracristinateran.com\/?author=0"},"uagb_comment_info":0,"uagb_excerpt":"\u00a0Volumen, peso o contenido: Frasco de 30 tabletas. Frasco de 50 tabletas. \u00a0Especie de destino y Dosificaci\u00f3n: Dosis recomendada en Caninos es de 2,2mg por kg de peso 2 veces al d\u00eda o 4,4 mg por kg de peso en dosis \u00fanica diaria v\u00eda oral. La dosis del producto, intervalo de dosificaci\u00f3n y duraci\u00f3n del&hellip;","_links":{"self":[{"href":"https:\/\/importadoracristinateran.com\/index.php?rest_route=\/wp\/v2\/product\/1414","targetHints":{"allow":["GET"]}}],"collection":[{"href":"https:\/\/importadoracristinateran.com\/index.php?rest_route=\/wp\/v2\/product"}],"about":[{"href":"https:\/\/importadoracristinateran.com\/index.php?rest_route=\/wp\/v2\/types\/product"}],"replies":[{"embeddable":true,"href":"https:\/\/importadoracristinateran.com\/index.php?rest_route=%2Fwp%2Fv2%2Fcomments&post=1414"}],"wp:featuredmedia":[{"embeddable":true,"href":"https:\/\/importadoracristinateran.com\/index.php?rest_route=\/wp\/v2\/media\/1416"}],"wp:attachment":[{"href":"https:\/\/importadoracristinateran.com\/index.php?rest_route=%2Fwp%2Fv2%2Fmedia&parent=1414"}],"wp:term":[{"taxonomy":"product_brand","embeddable":true,"href":"https:\/\/importadoracristinateran.com\/index.php?rest_route=%2Fwp%2Fv2%2Fproduct_brand&post=1414"},{"taxonomy":"product_cat","embeddable":true,"href":"https:\/\/importadoracristinateran.com\/index.php?rest_route=%2Fwp%2Fv2%2Fproduct_cat&post=1414"},{"taxonomy":"product_tag","embeddable":true,"href":"https:\/\/importadoracristinateran.com\/index.php?rest_route=%2Fwp%2Fv2%2Fproduct_tag&post=1414"}],"curies":[{"name":"wp","href":"https:\/\/api.w.org\/{rel}","templated":true}]}}