{"id":1417,"date":"2025-04-29T22:24:49","date_gmt":"2025-04-29T22:24:49","guid":{"rendered":"https:\/\/importadoracristinateran.com\/?post_type=product&#038;p=1417"},"modified":"2025-04-29T22:25:10","modified_gmt":"2025-04-29T22:25:10","slug":"repexxin","status":"publish","type":"product","link":"https:\/\/importadoracristinateran.com\/?product=repexxin","title":{"rendered":"Repexxin"},"content":{"rendered":"<p><strong>Especies de destino:<\/strong><\/p>\n<p>Caninos<\/p>\n<p><strong>F\u00f3rmula:<\/strong>\u00a0Cada 100 g. contiene: Deltametrina 4,0 g., Propoxur 10,0 g., IR 3535 1,0 g.<\/p>\n<p><strong>Indicaciones de uso:<\/strong><\/p>\n<p>Por su efecto repelente y su efecto insecticida persistente, Repexxin es eficaz durante 6 meses, en la prevenci\u00f3n y tratamiento de infestaci\u00f3n por:<\/p>\n<ul>\n<li><strong>Pulgas:\u00a0<\/strong><em>Ctenocephalides felis<\/em>,\u00a0<em>Ctenocephalides canis.<\/em><\/li>\n<li><strong>Larvas, ninfas y garrapatas adultas:\u00a0<\/strong><em>Riphicephalus sanguineus,\u00a0<\/em><em>Ixodes ricinus, Dermacentor reticulatus<\/em><\/li>\n<li><strong>Piojos:\u00a0<\/strong><em>Trichodectes canis<\/em>,\u00a0<em>Heterodoxus spiniges<\/em>,\u00a0<em>Linognathus setosus<\/em>,\u00a0<em>Felicola subrostratus<\/em>.<\/li>\n<\/ul>\n<p><strong>Tambi\u00e9n repele y\/o elimina:<\/strong><\/p>\n<ul>\n<li><strong>Fleb\u00f3tomos:\u00a0<\/strong><em>Lutzomyia longipalpis<\/em><\/li>\n<li><strong>Mosquitos\u00a0<\/strong><em>Aedes aegypti<\/em>,\u00a0<em>Culex pipiens<\/em><\/li>\n<li><strong>Moscas\u00a0<\/strong><em>Stomoxys calcitrans<\/em>,\u00a0<em>Musca dom\u00e9stica<\/em><\/li>\n<\/ul>\n<p>Adem\u00e1s, ayuda a prevenir la trasmisi\u00f3n vectorial de pat\u00f3genos como\u00a0<em>Babesia spp, Ehrlichia spp, Anaplasma spp, Leishmania infantum, Dirofilaria immitis.\u00a0<\/em>Por lo tanto, repexxin se puede considerar como parte de un programa para la prevenci\u00f3n de estas enfermedades, as\u00ed como una estrategia de tratamiento de la dermatitis al\u00e9rgica por picadura de pulgas (DAPP), durante 6 meses.<\/p>\n","protected":false},"excerpt":{"rendered":"<p><strong>Collar repelente e insecticida con m\u00e1xima protecci\u00f3n<\/strong><\/p>\n<p><strong>Presentaci\u00f3n:<\/strong><\/p>\n<p>Perros Chicos:\u00a0 4 a 25 kilos. Collar de 28 g &#8211; 48 cm de longitud.<\/p>\n<p>Perros Grandes:\u00a0 25 a 50 kilos. Collar de 45g &#8211; 75 cm de longitud.<\/p>\n<p>Los 3 activos de repexxin se liberan (de forma progresiva) a concentraciones efectivas, de la matriz pl\u00e1stica sobresaturada del collar hacia el perro. De este modo, estas sustancias repelentes, acaricidas\/insecticidas est\u00e1n presentes en el pelaje distribuy\u00e9ndose desde la (regi\u00f3n cervical) hasta la totalidad de la superficie (del animal).<br \/>\nLa actividad repelente se encuentra en el ambiente inmediato al animal durante (6 meses).<\/p>\n","protected":false},"featured_media":1418,"comment_status":"open","ping_status":"closed","template":"","meta":{"_uag_custom_page_level_css":"","site-sidebar-layout":"default","site-content-layout":"","ast-site-content-layout":"default","site-content-style":"default","site-sidebar-style":"default","ast-global-header-display":"","ast-banner-title-visibility":"","ast-main-header-display":"","ast-hfb-above-header-display":"","ast-hfb-below-header-display":"","ast-hfb-mobile-header-display":"","site-post-title":"","ast-breadcrumbs-content":"","ast-featured-img":"","footer-sml-layout":"","theme-transparent-header-meta":"default","adv-header-id-meta":"","stick-header-meta":"","header-above-stick-meta":"","header-main-stick-meta":"","header-below-stick-meta":"","astra-migrate-meta-layouts":"set","ast-page-background-enabled":"default","ast-page-background-meta":{"desktop":{"background-color":"var(--ast-global-color-5)","background-image":"","background-repeat":"repeat","background-position":"center center","background-size":"auto","background-attachment":"scroll","background-type":"","background-media":"","overlay-type":"","overlay-color":"","overlay-opacity":"","overlay-gradient":""},"tablet":{"background-color":"","background-image":"","background-repeat":"repeat","background-position":"center center","background-size":"auto","background-attachment":"scroll","background-type":"","background-media":"","overlay-type":"","overlay-color":"","overlay-opacity":"","overlay-gradient":""},"mobile":{"background-color":"","background-image":"","background-repeat":"repeat","background-position":"center center","background-size":"auto","background-attachment":"scroll","background-type":"","background-media":"","overlay-type":"","overlay-color":"","overlay-opacity":"","overlay-gradient":""}},"ast-content-background-meta":{"desktop":{"background-color":"var(--ast-global-color-4)","background-image":"","background-repeat":"repeat","background-position":"center center","background-size":"auto","background-attachment":"scroll","background-type":"","background-media":"","overlay-type":"","overlay-color":"","overlay-opacity":"","overlay-gradient":""},"tablet":{"background-color":"var(--ast-global-color-4)","background-image":"","background-repeat":"repeat","background-position":"center center","background-size":"auto","background-attachment":"scroll","background-type":"","background-media":"","overlay-type":"","overlay-color":"","overlay-opacity":"","overlay-gradient":""},"mobile":{"background-color":"var(--ast-global-color-4)","background-image":"","background-repeat":"repeat","background-position":"center center","background-size":"auto","background-attachment":"scroll","background-type":"","background-media":"","overlay-type":"","overlay-color":"","overlay-opacity":"","overlay-gradient":""}},"_joinchat":[]},"product_brand":[],"product_cat":[93],"product_tag":[],"class_list":{"0":"post-1417","1":"product","2":"type-product","3":"status-publish","4":"has-post-thumbnail","6":"product_cat-labkonig","7":"desktop-align-left","8":"tablet-align-left","9":"mobile-align-left","11":"first","12":"instock","13":"shipping-taxable","14":"product-type-external"},"aioseo_notices":[],"uagb_featured_image_src":{"full":["https:\/\/importadoracristinateran.com\/wp-content\/uploads\/2025\/04\/Repexxin-nuevo-600x581-1.jpg",600,581,false],"thumbnail":["https:\/\/importadoracristinateran.com\/wp-content\/uploads\/2025\/04\/Repexxin-nuevo-600x581-1-150x150.jpg",150,150,true],"medium":["https:\/\/importadoracristinateran.com\/wp-content\/uploads\/2025\/04\/Repexxin-nuevo-600x581-1-300x291.jpg",300,291,true],"medium_large":["https:\/\/importadoracristinateran.com\/wp-content\/uploads\/2025\/04\/Repexxin-nuevo-600x581-1.jpg",600,581,false],"large":["https:\/\/importadoracristinateran.com\/wp-content\/uploads\/2025\/04\/Repexxin-nuevo-600x581-1.jpg",600,581,false],"1536x1536":["https:\/\/importadoracristinateran.com\/wp-content\/uploads\/2025\/04\/Repexxin-nuevo-600x581-1.jpg",600,581,false],"2048x2048":["https:\/\/importadoracristinateran.com\/wp-content\/uploads\/2025\/04\/Repexxin-nuevo-600x581-1.jpg",600,581,false],"woocommerce_thumbnail":["https:\/\/importadoracristinateran.com\/wp-content\/uploads\/2025\/04\/Repexxin-nuevo-600x581-1-300x300.jpg",300,300,true],"woocommerce_single":["https:\/\/importadoracristinateran.com\/wp-content\/uploads\/2025\/04\/Repexxin-nuevo-600x581-1.jpg",600,581,false],"woocommerce_gallery_thumbnail":["https:\/\/importadoracristinateran.com\/wp-content\/uploads\/2025\/04\/Repexxin-nuevo-600x581-1-100x100.jpg",100,100,true],"dgwt-wcas-product-suggestion":["https:\/\/importadoracristinateran.com\/wp-content\/uploads\/2025\/04\/Repexxin-nuevo-600x581-1-64x62.jpg",64,62,true]},"uagb_author_info":{"display_name":"mcris.import@gmail.com","author_link":"https:\/\/importadoracristinateran.com\/?author=0"},"uagb_comment_info":0,"uagb_excerpt":"Collar repelente e insecticida con m\u00e1xima protecci\u00f3n Presentaci\u00f3n: Perros Chicos:\u00a0 4 a 25 kilos. Collar de 28 g - 48 cm de longitud. Perros Grandes:\u00a0 25 a 50 kilos. Collar de 45g - 75 cm de longitud. Los 3 activos de repexxin se liberan (de forma progresiva) a concentraciones efectivas, de la matriz pl\u00e1stica sobresaturada&hellip;","_links":{"self":[{"href":"https:\/\/importadoracristinateran.com\/index.php?rest_route=\/wp\/v2\/product\/1417","targetHints":{"allow":["GET"]}}],"collection":[{"href":"https:\/\/importadoracristinateran.com\/index.php?rest_route=\/wp\/v2\/product"}],"about":[{"href":"https:\/\/importadoracristinateran.com\/index.php?rest_route=\/wp\/v2\/types\/product"}],"replies":[{"embeddable":true,"href":"https:\/\/importadoracristinateran.com\/index.php?rest_route=%2Fwp%2Fv2%2Fcomments&post=1417"}],"wp:featuredmedia":[{"embeddable":true,"href":"https:\/\/importadoracristinateran.com\/index.php?rest_route=\/wp\/v2\/media\/1418"}],"wp:attachment":[{"href":"https:\/\/importadoracristinateran.com\/index.php?rest_route=%2Fwp%2Fv2%2Fmedia&parent=1417"}],"wp:term":[{"taxonomy":"product_brand","embeddable":true,"href":"https:\/\/importadoracristinateran.com\/index.php?rest_route=%2Fwp%2Fv2%2Fproduct_brand&post=1417"},{"taxonomy":"product_cat","embeddable":true,"href":"https:\/\/importadoracristinateran.com\/index.php?rest_route=%2Fwp%2Fv2%2Fproduct_cat&post=1417"},{"taxonomy":"product_tag","embeddable":true,"href":"https:\/\/importadoracristinateran.com\/index.php?rest_route=%2Fwp%2Fv2%2Fproduct_tag&post=1417"}],"curies":[{"name":"wp","href":"https:\/\/api.w.org\/{rel}","templated":true}]}}