{"id":442,"date":"2025-03-20T02:05:27","date_gmt":"2025-03-20T02:05:27","guid":{"rendered":"https:\/\/importadoracristinateran.com\/?post_type=product&#038;p=442"},"modified":"2025-03-20T02:33:35","modified_gmt":"2025-03-20T02:33:35","slug":"immunol-jarabe","status":"publish","type":"product","link":"https:\/\/importadoracristinateran.com\/?product=immunol-jarabe","title":{"rendered":"Immunol Jarabe"},"content":{"rendered":"<div class=\"page\" style=\"box-sizing: border-box;\" title=\"Page 1\">\n<div class=\"layoutArea\" style=\"box-sizing: border-box;\">\n<div class=\"column\" style=\"box-sizing: border-box;\">\n<h5 style=\"box-sizing: border-box; margin-bottom: 0.540791em; color: var(--e-global-color-secondary); font-family: var(--e-global-typography-secondary-font-family); font-weight: var(--e-global-typography-secondary-font-weight); text-transform: var(--e-global-typography-secondary-text-transform); font-style: var(--e-global-typography-secondary-font-style); text-decoration: var(--e-global-typography-secondary-text-decoration); line-height: var(--e-global-typography-secondary-line-height); letter-spacing: var(--e-global-typography-secondary-letter-spacing); font-size: 1.25rem;\">Indicaciones:<\/h5>\n<ul style=\"box-sizing: border-box; margin-bottom: 1em;\">\n<li style=\"box-sizing: border-box;\">Defensas bajas, infecciones cr\u00f3nicas y\/o recurrentes.<\/li>\n<li style=\"box-sizing: border-box;\">Infecciones leves.<\/li>\n<li style=\"box-sizing: border-box;\">Coadyuvante en:<br style=\"box-sizing: border-box;\" \/>Esquema de vacunaci\u00f3n.<br style=\"box-sizing: border-box;\" \/>Terapias antibacterianas, antif\u00fangicas y contra \u00e1caros.<br style=\"box-sizing: border-box;\" \/>Tratamientos con corticosteroides y antineopl\u00e1sicos.<\/li>\n<\/ul>\n<h5 style=\"box-sizing: border-box; margin-bottom: 0.540791em; color: var(--e-global-color-secondary); font-family: var(--e-global-typography-secondary-font-family); font-weight: var(--e-global-typography-secondary-font-weight); text-transform: var(--e-global-typography-secondary-text-transform); font-style: var(--e-global-typography-secondary-font-style); text-decoration: var(--e-global-typography-secondary-text-decoration); line-height: var(--e-global-typography-secondary-line-height); letter-spacing: var(--e-global-typography-secondary-letter-spacing); font-size: 1.25rem;\">Dosis y V\u00eda de Administraci\u00f3n:<\/h5>\n<\/div>\n<\/div>\n<\/div>\n<p style=\"box-sizing: border-box;\"><em style=\"box-sizing: border-box;\">ORAL<\/em><\/p>\n<div class=\"page\" style=\"box-sizing: border-box;\" title=\"Page 3\">\n<div class=\"layoutArea\" style=\"box-sizing: border-box;\">\n<div class=\"column\" style=\"box-sizing: border-box;\">\n<table class=\"table\" style=\"box-sizing: border-box; border-collapse: collapse; margin-bottom: 1.41575em; width: 981.333px;\" border=\"1\" cellspacing=\"0\" cellpadding=\"8\">\n<tbody style=\"box-sizing: border-box;\">\n<tr style=\"box-sizing: border-box; border-top-width: 1px; border-top-style: dashed; border-bottom-width: 1px; border-bottom-style: dashed; border-color: var(--e-global-color-border);\">\n<td style=\"box-sizing: border-box; padding: 1em 1.41575em; vertical-align: top; word-break: break-all; border-top-width: 1px; border-left-width: 1px; border-style: solid; border-image: initial; border-color: var(--e-global-color-border);\"><span style=\"box-sizing: border-box; font-weight: var(--e-global-typography-primary-font-weight);\">Especies<\/span><\/td>\n<td style=\"box-sizing: border-box; padding: 1em 1.41575em; vertical-align: top; word-break: break-all; border-top-width: 1px; border-left-width: 1px; border-style: solid; border-image: initial; border-color: var(--e-global-color-border);\">\n<p class=\"rtecenter\" style=\"box-sizing: border-box; margin-bottom: 0px;\"><span style=\"box-sizing: border-box; font-weight: var(--e-global-typography-primary-font-weight);\">Cada 12 horas<\/span><\/p>\n<\/td>\n<\/tr>\n<tr style=\"box-sizing: border-box; border-top-width: 1px; border-top-style: dashed; border-bottom-width: 1px; border-bottom-style: dashed; border-color: var(--e-global-color-border);\">\n<td style=\"box-sizing: border-box; padding: 1em 1.41575em; vertical-align: top; word-break: break-all; border-top-width: 1px; border-left-width: 1px; border-style: solid; border-image: initial; border-color: var(--e-global-color-border);\"><span style=\"box-sizing: border-box; font-weight: var(--e-global-typography-primary-font-weight);\">Caninos<\/span><\/p>\n<p style=\"box-sizing: border-box;\">Razas peque\u00f1as<\/p>\n<p style=\"box-sizing: border-box; margin-bottom: 0px;\">Razas grandes<\/p>\n<\/td>\n<td style=\"box-sizing: border-box; padding: 1em 1.41575em; vertical-align: top; word-break: break-all; border-top-width: 1px; border-left-width: 1px; border-style: solid; border-image: initial; border-color: var(--e-global-color-border);\">\n<p class=\"rtecenter\" style=\"box-sizing: border-box;\">1-2 ml.<\/p>\n<p class=\"rtecenter\" style=\"box-sizing: border-box; margin-bottom: 0px;\">2-3 ml.<\/p>\n<\/td>\n<\/tr>\n<tr style=\"box-sizing: border-box; border-top-width: 1px; border-top-style: dashed; border-bottom-width: 1px; border-bottom-style: dashed; border-color: var(--e-global-color-border);\">\n<td style=\"box-sizing: border-box; padding: 1em 1.41575em; vertical-align: top; word-break: break-all; border-top-width: 1px; border-left-width: 1px; border-style: solid; border-image: initial; border-color: var(--e-global-color-border);\"><span style=\"box-sizing: border-box; font-weight: var(--e-global-typography-primary-font-weight);\">Felinos<\/span><\/td>\n<td style=\"box-sizing: border-box; padding: 1em 1.41575em; vertical-align: top; word-break: break-all; border-top-width: 1px; border-left-width: 1px; border-style: solid; border-image: initial; border-color: var(--e-global-color-border);\">\n<p class=\"rtecenter\" style=\"box-sizing: border-box; margin-bottom: 0px;\">1 ml.<\/p>\n<\/td>\n<\/tr>\n<\/tbody>\n<\/table>\n<\/div>\n<\/div>\n<\/div>\n<h5 class=\"subtitulo\" style=\"box-sizing: border-box; margin-bottom: 0.540791em; color: var(--e-global-color-secondary); font-family: var(--e-global-typography-secondary-font-family); font-weight: var(--e-global-typography-secondary-font-weight); text-transform: var(--e-global-typography-secondary-text-transform); font-style: var(--e-global-typography-secondary-font-style); text-decoration: var(--e-global-typography-secondary-text-decoration); line-height: var(--e-global-typography-secondary-line-height); letter-spacing: var(--e-global-typography-secondary-letter-spacing); font-size: 1.25rem;\">Recomendaciones:<\/h5>\n<div style=\"box-sizing: border-box;\" align=\"LEFT\">\n<div class=\"page\" style=\"box-sizing: border-box;\" title=\"Page 1\">\n<div class=\"layoutArea\" style=\"box-sizing: border-box;\">\n<div class=\"column\" style=\"box-sizing: border-box;\">\n<div class=\"page\" style=\"box-sizing: border-box;\" title=\"Page 2\">\n<div class=\"layoutArea\" style=\"box-sizing: border-box;\">\n<div class=\"column\" style=\"box-sizing: border-box;\">\n<div class=\"page\" style=\"box-sizing: border-box;\" title=\"Page 1\">\n<div class=\"layoutArea\" style=\"box-sizing: border-box;\">\n<div class=\"column\" style=\"box-sizing: border-box;\">\n<p style=\"box-sizing: border-box;\"><span style=\"box-sizing: border-box; font-weight: var(--e-global-typography-primary-font-weight);\">Efectos secundarios<br style=\"box-sizing: border-box;\" \/><\/span>No se han reportado<\/p>\n<p style=\"box-sizing: border-box;\"><span style=\"box-sizing: border-box; font-weight: var(--e-global-typography-primary-font-weight);\">Contraindicaciones<br style=\"box-sizing: border-box;\" \/><\/span>Ninguna<\/p>\n<\/div>\n<\/div>\n<\/div>\n<\/div>\n<\/div>\n<\/div>\n<\/div>\n<\/div>\n<\/div>\n<\/div>\n<h5 class=\"subtitulo\" style=\"box-sizing: border-box; margin-bottom: 0.540791em; color: var(--e-global-color-secondary); font-family: var(--e-global-typography-secondary-font-family); font-weight: var(--e-global-typography-secondary-font-weight); text-transform: var(--e-global-typography-secondary-text-transform); font-style: var(--e-global-typography-secondary-font-style); text-decoration: var(--e-global-typography-secondary-text-decoration); line-height: var(--e-global-typography-secondary-line-height); letter-spacing: var(--e-global-typography-secondary-letter-spacing); font-size: 1.25rem;\">Presentaci\u00f3n:<\/h5>\n<div class=\"page\" style=\"box-sizing: border-box;\" title=\"Page 1\">\n<div class=\"layoutArea\" style=\"box-sizing: border-box;\">\n<div class=\"column\" style=\"box-sizing: border-box;\">\n<p style=\"box-sizing: border-box;\">Botella con 100ml<\/p>\n<\/div>\n<\/div>\n<\/div>\n","protected":false},"excerpt":{"rendered":"<h4>Mejora el funcionamiento del sistema inmunol\u00f3gico<\/h4>\n<h5>Descripci\u00f3n:<\/h5>\n<p>Immunol Jarabe fortalece el sistema inmunol\u00f3gico incrementando los t\u00edtulos de anticuerpos y promoviendo la fagocitosis, adem\u00e1s aumenta la efectividad de las terapias antimicrobianas en infecciones oculares, \u00f3ticas, d\u00e9rmicas, otras infecciones cr\u00f3nicas y\/o recurrentes. Inmunomodulador, fortalece los efectos de las vacunas para brindar una mejor respuesta inmune.<\/p>\n","protected":false},"featured_media":443,"comment_status":"open","ping_status":"closed","template":"","meta":{"_uag_custom_page_level_css":"","site-sidebar-layout":"default","site-content-layout":"","ast-site-content-layout":"default","site-content-style":"default","site-sidebar-style":"default","ast-global-header-display":"","ast-banner-title-visibility":"","ast-main-header-display":"","ast-hfb-above-header-display":"","ast-hfb-below-header-display":"","ast-hfb-mobile-header-display":"","site-post-title":"","ast-breadcrumbs-content":"","ast-featured-img":"","footer-sml-layout":"","theme-transparent-header-meta":"default","adv-header-id-meta":"","stick-header-meta":"","header-above-stick-meta":"","header-main-stick-meta":"","header-below-stick-meta":"","astra-migrate-meta-layouts":"set","ast-page-background-enabled":"default","ast-page-background-meta":{"desktop":{"background-color":"var(--ast-global-color-5)","background-image":"","background-repeat":"repeat","background-position":"center center","background-size":"auto","background-attachment":"scroll","background-type":"","background-media":"","overlay-type":"","overlay-color":"","overlay-opacity":"","overlay-gradient":""},"tablet":{"background-color":"","background-image":"","background-repeat":"repeat","background-position":"center center","background-size":"auto","background-attachment":"scroll","background-type":"","background-media":"","overlay-type":"","overlay-color":"","overlay-opacity":"","overlay-gradient":""},"mobile":{"background-color":"","background-image":"","background-repeat":"repeat","background-position":"center center","background-size":"auto","background-attachment":"scroll","background-type":"","background-media":"","overlay-type":"","overlay-color":"","overlay-opacity":"","overlay-gradient":""}},"ast-content-background-meta":{"desktop":{"background-color":"var(--ast-global-color-4)","background-image":"","background-repeat":"repeat","background-position":"center center","background-size":"auto","background-attachment":"scroll","background-type":"","background-media":"","overlay-type":"","overlay-color":"","overlay-opacity":"","overlay-gradient":""},"tablet":{"background-color":"var(--ast-global-color-4)","background-image":"","background-repeat":"repeat","background-position":"center center","background-size":"auto","background-attachment":"scroll","background-type":"","background-media":"","overlay-type":"","overlay-color":"","overlay-opacity":"","overlay-gradient":""},"mobile":{"background-color":"var(--ast-global-color-4)","background-image":"","background-repeat":"repeat","background-position":"center center","background-size":"auto","background-attachment":"scroll","background-type":"","background-media":"","overlay-type":"","overlay-color":"","overlay-opacity":"","overlay-gradient":""}},"_joinchat":[]},"product_brand":[],"product_cat":[38],"product_tag":[],"class_list":{"0":"post-442","1":"product","2":"type-product","3":"status-publish","4":"has-post-thumbnail","6":"product_cat-labmontana","7":"desktop-align-left","8":"tablet-align-left","9":"mobile-align-left","11":"first","12":"instock","13":"featured","14":"shipping-taxable","15":"product-type-external"},"aioseo_notices":[],"uagb_featured_image_src":{"full":["https:\/\/importadoracristinateran.com\/wp-content\/uploads\/2025\/03\/immunol-1.jpg",225,225,false],"thumbnail":["https:\/\/importadoracristinateran.com\/wp-content\/uploads\/2025\/03\/immunol-1-150x150.jpg",150,150,true],"medium":["https:\/\/importadoracristinateran.com\/wp-content\/uploads\/2025\/03\/immunol-1.jpg",225,225,false],"medium_large":["https:\/\/importadoracristinateran.com\/wp-content\/uploads\/2025\/03\/immunol-1.jpg",225,225,false],"large":["https:\/\/importadoracristinateran.com\/wp-content\/uploads\/2025\/03\/immunol-1.jpg",225,225,false],"1536x1536":["https:\/\/importadoracristinateran.com\/wp-content\/uploads\/2025\/03\/immunol-1.jpg",225,225,false],"2048x2048":["https:\/\/importadoracristinateran.com\/wp-content\/uploads\/2025\/03\/immunol-1.jpg",225,225,false],"woocommerce_thumbnail":["https:\/\/importadoracristinateran.com\/wp-content\/uploads\/2025\/03\/immunol-1.jpg",225,225,false],"woocommerce_single":["https:\/\/importadoracristinateran.com\/wp-content\/uploads\/2025\/03\/immunol-1.jpg",225,225,false],"woocommerce_gallery_thumbnail":["https:\/\/importadoracristinateran.com\/wp-content\/uploads\/2025\/03\/immunol-1-100x100.jpg",100,100,true],"dgwt-wcas-product-suggestion":["https:\/\/importadoracristinateran.com\/wp-content\/uploads\/2025\/03\/immunol-1-64x64.jpg",64,64,true]},"uagb_author_info":{"display_name":"mcris.import@gmail.com","author_link":"https:\/\/importadoracristinateran.com\/?author=0"},"uagb_comment_info":0,"uagb_excerpt":"Mejora el funcionamiento del sistema inmunol\u00f3gico Descripci\u00f3n: Immunol Jarabe fortalece el sistema inmunol\u00f3gico incrementando los t\u00edtulos de anticuerpos y promoviendo la fagocitosis, adem\u00e1s aumenta la efectividad de las terapias antimicrobianas en infecciones oculares, \u00f3ticas, d\u00e9rmicas, otras infecciones cr\u00f3nicas y\/o recurrentes. Inmunomodulador, fortalece los efectos de las vacunas para brindar una mejor respuesta inmune.","_links":{"self":[{"href":"https:\/\/importadoracristinateran.com\/index.php?rest_route=\/wp\/v2\/product\/442","targetHints":{"allow":["GET"]}}],"collection":[{"href":"https:\/\/importadoracristinateran.com\/index.php?rest_route=\/wp\/v2\/product"}],"about":[{"href":"https:\/\/importadoracristinateran.com\/index.php?rest_route=\/wp\/v2\/types\/product"}],"replies":[{"embeddable":true,"href":"https:\/\/importadoracristinateran.com\/index.php?rest_route=%2Fwp%2Fv2%2Fcomments&post=442"}],"wp:featuredmedia":[{"embeddable":true,"href":"https:\/\/importadoracristinateran.com\/index.php?rest_route=\/wp\/v2\/media\/443"}],"wp:attachment":[{"href":"https:\/\/importadoracristinateran.com\/index.php?rest_route=%2Fwp%2Fv2%2Fmedia&parent=442"}],"wp:term":[{"taxonomy":"product_brand","embeddable":true,"href":"https:\/\/importadoracristinateran.com\/index.php?rest_route=%2Fwp%2Fv2%2Fproduct_brand&post=442"},{"taxonomy":"product_cat","embeddable":true,"href":"https:\/\/importadoracristinateran.com\/index.php?rest_route=%2Fwp%2Fv2%2Fproduct_cat&post=442"},{"taxonomy":"product_tag","embeddable":true,"href":"https:\/\/importadoracristinateran.com\/index.php?rest_route=%2Fwp%2Fv2%2Fproduct_tag&post=442"}],"curies":[{"name":"wp","href":"https:\/\/api.w.org\/{rel}","templated":true}]}}