{"id":531,"date":"2025-03-22T00:18:10","date_gmt":"2025-03-22T00:18:10","guid":{"rendered":"https:\/\/importadoracristinateran.com\/?post_type=product&#038;p=531"},"modified":"2025-03-23T16:52:54","modified_gmt":"2025-03-23T16:52:54","slug":"ciproplus-gel-otico","status":"publish","type":"product","link":"https:\/\/importadoracristinateran.com\/?product=ciproplus-gel-otico","title":{"rendered":"Ciproplus Gel \u00d3tico"},"content":{"rendered":"<div class=\"itemBody\">\n<div class=\"itemFullText\">\n<h4><strong style=\"font-size: 16px;\">F\u00f3rmula:<\/strong><span style=\"font-size: 16px;\">\u00a0Ciprofloxacina (como Clorhidrato) 0,8%; Prednisolona 0,25%; Ketoconazol 2%; Lidoca\u00edna Clorhidrato 2%.<\/span><\/h4>\n<p><strong>Indicaciones:<\/strong>\u00a0Tratamiento de otitis externas bacterianas, al\u00e9rgicas o f\u00fangicas. Analg\u00e9sico.<\/p>\n<p><strong>Dosis:<\/strong>\u00a00,5 ml en cada o\u00eddo, aunque s\u00f3lo uno sea el afectado. Intervalo entre dosis: Cada 24 horas. Duraci\u00f3n del tratamiento: Aplicar durante un m\u00ednimo de 7 d\u00edas consecutivos.<\/p>\n<p><strong>V\u00eda de administraci\u00f3n:<\/strong>\u00a0T\u00f3pica en el conducto auditivo externo.<\/p>\n<p><strong>Presentaci\u00f3n:<\/strong>\u00a0Jeringa por 10 ml.<br \/>\n\u2022 Con Ketoconazol para combatir otitis producidas por hongos \u00a1con el mejor activo!<\/p>\n<\/div>\n<div class=\"clr\"><\/div>\n<div class=\"clr\"><\/div>\n<\/div>\n<div class=\"buttom-tools\">\n<div class=\"itemSocialSharing\"><\/div>\n<\/div>\n","protected":false},"excerpt":{"rendered":"<p>Su f\u00f3rmula contiene Ciprofloxacino, un antibi\u00f3tico efectivo que combate las infecciones bacterianas en el canal auditivo. Ciproplus Gel \u00d3tico\u00a0act\u00faa reduciendo la inflamaci\u00f3n, aliviando el dolor y eliminando las bacterias causantes de infecciones<\/p>\n","protected":false},"featured_media":532,"comment_status":"open","ping_status":"closed","template":"","meta":{"_uag_custom_page_level_css":"","site-sidebar-layout":"default","site-content-layout":"","ast-site-content-layout":"default","site-content-style":"default","site-sidebar-style":"default","ast-global-header-display":"","ast-banner-title-visibility":"","ast-main-header-display":"","ast-hfb-above-header-display":"","ast-hfb-below-header-display":"","ast-hfb-mobile-header-display":"","site-post-title":"","ast-breadcrumbs-content":"","ast-featured-img":"","footer-sml-layout":"","theme-transparent-header-meta":"default","adv-header-id-meta":"","stick-header-meta":"","header-above-stick-meta":"","header-main-stick-meta":"","header-below-stick-meta":"","astra-migrate-meta-layouts":"set","ast-page-background-enabled":"default","ast-page-background-meta":{"desktop":{"background-color":"var(--ast-global-color-5)","background-image":"","background-repeat":"repeat","background-position":"center center","background-size":"auto","background-attachment":"scroll","background-type":"","background-media":"","overlay-type":"","overlay-color":"","overlay-opacity":"","overlay-gradient":""},"tablet":{"background-color":"","background-image":"","background-repeat":"repeat","background-position":"center center","background-size":"auto","background-attachment":"scroll","background-type":"","background-media":"","overlay-type":"","overlay-color":"","overlay-opacity":"","overlay-gradient":""},"mobile":{"background-color":"","background-image":"","background-repeat":"repeat","background-position":"center center","background-size":"auto","background-attachment":"scroll","background-type":"","background-media":"","overlay-type":"","overlay-color":"","overlay-opacity":"","overlay-gradient":""}},"ast-content-background-meta":{"desktop":{"background-color":"var(--ast-global-color-4)","background-image":"","background-repeat":"repeat","background-position":"center center","background-size":"auto","background-attachment":"scroll","background-type":"","background-media":"","overlay-type":"","overlay-color":"","overlay-opacity":"","overlay-gradient":""},"tablet":{"background-color":"var(--ast-global-color-4)","background-image":"","background-repeat":"repeat","background-position":"center center","background-size":"auto","background-attachment":"scroll","background-type":"","background-media":"","overlay-type":"","overlay-color":"","overlay-opacity":"","overlay-gradient":""},"mobile":{"background-color":"var(--ast-global-color-4)","background-image":"","background-repeat":"repeat","background-position":"center center","background-size":"auto","background-attachment":"scroll","background-type":"","background-media":"","overlay-type":"","overlay-color":"","overlay-opacity":"","overlay-gradient":""}},"_joinchat":[]},"product_brand":[],"product_cat":[42],"product_tag":[],"class_list":{"0":"post-531","1":"product","2":"type-product","3":"status-publish","4":"has-post-thumbnail","6":"product_cat-labzoovet","7":"desktop-align-left","8":"tablet-align-left","9":"mobile-align-left","11":"first","12":"instock","13":"shipping-taxable","14":"product-type-external"},"aioseo_notices":[],"uagb_featured_image_src":{"full":["https:\/\/importadoracristinateran.com\/wp-content\/uploads\/2025\/03\/ciproplusgelotico.jpg",502,401,false],"thumbnail":["https:\/\/importadoracristinateran.com\/wp-content\/uploads\/2025\/03\/ciproplusgelotico-150x150.jpg",150,150,true],"medium":["https:\/\/importadoracristinateran.com\/wp-content\/uploads\/2025\/03\/ciproplusgelotico-300x240.jpg",300,240,true],"medium_large":["https:\/\/importadoracristinateran.com\/wp-content\/uploads\/2025\/03\/ciproplusgelotico.jpg",502,401,false],"large":["https:\/\/importadoracristinateran.com\/wp-content\/uploads\/2025\/03\/ciproplusgelotico.jpg",502,401,false],"1536x1536":["https:\/\/importadoracristinateran.com\/wp-content\/uploads\/2025\/03\/ciproplusgelotico.jpg",502,401,false],"2048x2048":["https:\/\/importadoracristinateran.com\/wp-content\/uploads\/2025\/03\/ciproplusgelotico.jpg",502,401,false],"woocommerce_thumbnail":["https:\/\/importadoracristinateran.com\/wp-content\/uploads\/2025\/03\/ciproplusgelotico-300x300.jpg",300,300,true],"woocommerce_single":["https:\/\/importadoracristinateran.com\/wp-content\/uploads\/2025\/03\/ciproplusgelotico.jpg",502,401,false],"woocommerce_gallery_thumbnail":["https:\/\/importadoracristinateran.com\/wp-content\/uploads\/2025\/03\/ciproplusgelotico-100x100.jpg",100,100,true],"dgwt-wcas-product-suggestion":["https:\/\/importadoracristinateran.com\/wp-content\/uploads\/2025\/03\/ciproplusgelotico-64x51.jpg",64,51,true]},"uagb_author_info":{"display_name":"mcris.import@gmail.com","author_link":"https:\/\/importadoracristinateran.com\/?author=0"},"uagb_comment_info":0,"uagb_excerpt":"Su f\u00f3rmula contiene Ciprofloxacino, un antibi\u00f3tico efectivo que combate las infecciones bacterianas en el canal auditivo. Ciproplus Gel \u00d3tico\u00a0act\u00faa reduciendo la inflamaci\u00f3n, aliviando el dolor y eliminando las bacterias causantes de infecciones","_links":{"self":[{"href":"https:\/\/importadoracristinateran.com\/index.php?rest_route=\/wp\/v2\/product\/531","targetHints":{"allow":["GET"]}}],"collection":[{"href":"https:\/\/importadoracristinateran.com\/index.php?rest_route=\/wp\/v2\/product"}],"about":[{"href":"https:\/\/importadoracristinateran.com\/index.php?rest_route=\/wp\/v2\/types\/product"}],"replies":[{"embeddable":true,"href":"https:\/\/importadoracristinateran.com\/index.php?rest_route=%2Fwp%2Fv2%2Fcomments&post=531"}],"wp:featuredmedia":[{"embeddable":true,"href":"https:\/\/importadoracristinateran.com\/index.php?rest_route=\/wp\/v2\/media\/532"}],"wp:attachment":[{"href":"https:\/\/importadoracristinateran.com\/index.php?rest_route=%2Fwp%2Fv2%2Fmedia&parent=531"}],"wp:term":[{"taxonomy":"product_brand","embeddable":true,"href":"https:\/\/importadoracristinateran.com\/index.php?rest_route=%2Fwp%2Fv2%2Fproduct_brand&post=531"},{"taxonomy":"product_cat","embeddable":true,"href":"https:\/\/importadoracristinateran.com\/index.php?rest_route=%2Fwp%2Fv2%2Fproduct_cat&post=531"},{"taxonomy":"product_tag","embeddable":true,"href":"https:\/\/importadoracristinateran.com\/index.php?rest_route=%2Fwp%2Fv2%2Fproduct_tag&post=531"}],"curies":[{"name":"wp","href":"https:\/\/api.w.org\/{rel}","templated":true}]}}