{"id":762,"date":"2025-03-31T22:46:20","date_gmt":"2025-03-31T22:46:20","guid":{"rendered":"https:\/\/importadoracristinateran.com\/?post_type=product&#038;p=762"},"modified":"2025-10-08T21:58:24","modified_gmt":"2025-10-08T21:58:24","slug":"proteizoo-plus","status":"publish","type":"product","link":"https:\/\/importadoracristinateran.com\/?product=proteizoo-plus","title":{"rendered":"Proteizoo plus"},"content":{"rendered":"<div class=\"button-product button-product-produccion-inmunoestimulante producttheme\">\n<p class=\"paragraphbuttonproduct\"><strong style=\"font-size: 16px;\">Proteizoo\u00ae Plus<\/strong><span style=\"font-size: 16px;\">\u00a0act\u00faa como inmunoestimulante inespec\u00edfico al activar el sistema de defensas y lograr el control de los procesos infecciosos agudos y cr\u00f3nicos en combinaci\u00f3n con el antimicrobiano de elecci\u00f3n.<\/span><\/p>\n<\/div>\n<div id=\"indicaciones\" class=\"div-block-indicaciones block-detalle\">\n<p>Coadyuvante en el tratamiento de infecciones broncopulmonares, de piel, artritis, mastitis, queratitis o nube de ojo y en padecimientos de etiolog\u00eda viral.<\/p>\n<div class=\"button-product button-product-produccion-inmunoestimulante producttheme\">\n<p class=\"paragraphbuttonproduct\"><strong>F\u00f3rmula<\/strong><\/p>\n<\/div>\n<div id=\"formula\" class=\"div-block-formula\">\n<p>Cada 100 mL contienen:<\/p>\n<p>Case\u00edna \u2026\u2026\u2026\u2026\u2026\u2026\u2026\u2026\u2026\u2026\u2026\u2026\u2026\u2026. 3.5 g<\/p>\n<p>Lactosa \u2026\u2026\u2026\u2026\u2026\u2026\u2026\u2026\u2026\u2026\u2026\u2026\u2026\u2026. 5.0 g<\/p>\n<p>Veh\u00edculo c.b.p. \u2026\u2026\u2026\u2026\u2026\u2026\u2026\u2026 100 mL<\/p>\n<div class=\"button-product button-product-produccion-inmunoestimulante producttheme\">\n<p class=\"paragraphbuttonproduct\"><strong>Dosis y v\u00eda de administraci\u00f3n<\/strong><\/p>\n<\/div>\n<div id=\"dosis\" class=\"div-block-dosis\">\n<p>Bovinos y equinos: 1.4 mg\/kg (Dosis pr\u00e1ctica 2 mL\/50 kg)<\/p>\n<p>Porcinos: 2 mg\/kg (Dosis pr\u00e1ctica 3 mL\/50 kg)<\/p>\n<p>Ovinos y caprinos: 4.5-6.3 mg\/kg (Dosis pr\u00e1ctica 1.3-1.8 mL\/10 kg)<\/p>\n<p>Aves (reproductoras, pollo de engorda y aves de corral): 14 mg\/kg (Dosis pr\u00e1ctica 0.4 mL\/kg)<\/p>\n<p>Una dosis cada 72 horas hasta completar 5 aplicaciones, hasta la desaparici\u00f3n de los signos o a criterio del m\u00e9dico veterinario.<\/p>\n<p>V\u00eda de administraci\u00f3n: Intramuscular o subcut\u00e1nea.<\/p>\n<div class=\"button-product button-product-produccion-inmunoestimulante producttheme\">\n<p class=\"paragraphbuttonproduct\"><strong>Presentaciones<\/strong><\/p>\n<\/div>\n<div id=\"presentaciones\" class=\"div-block-presentacion w-clearfix\">\n<p>Frasco con 20, 100 y 250 mL<\/p>\n<div class=\"button-product button-product-produccion-inmunoestimulante producttheme\">\n<p class=\"paragraphbuttonproduct\"><strong>Precauciones<\/strong><\/p>\n<\/div>\n<div id=\"precauciones\" class=\"div-block-precaucion\">\n<p>Como cualquier f\u00e1rmaco puede causar reacciones anafil\u00e1cticas o de hipersensibilidad. Ant\u00eddoto: epinefrina. No administrar m\u00e1s de 2 mL por sitio de aplicaci\u00f3n. Conservar fuera del alcance de los ni\u00f1os y animales dom\u00e9sticos. Condiciones de almacenamiento: Cons\u00e9rvese en un lugar fresco y seco. Guardar a temperatura entre 10\u00baC y 30\u00ba C. Prot\u00e9jase de la luz solar directa. Una vez utilizado incinere el frasco y sobrantes.<\/p>\n<\/div>\n<\/div>\n<\/div>\n<\/div>\n<\/div>\n","protected":false},"excerpt":{"rendered":"<div class=\"button-product button-product-produccion-inmunoestimulante producttheme\">\n<p class=\"paragraphbuttonproduct\"><strong style=\"font-size: 16px;\">Proteizoo\u00ae Plus<\/strong><span style=\"font-size: 16px;\">\u00a0act\u00faa como inmunoestimulante inespec\u00edfico al activar el sistema de defensas y lograr el control de los procesos infecciosos agudos y cr\u00f3nicos en combinaci\u00f3n con el antimicrobiano de elecci\u00f3n.<\/span><\/p>\n<\/div>\n<div id=\"indicaciones\" class=\"div-block-indicaciones block-detalle\">\n<p>Coadyuvante en el tratamiento de infecciones broncopulmonares, de piel, artritis, mastitis, queratitis o nube de ojo y en padecimientos de etiolog\u00eda viral.<\/p>\n<p><strong>Presentaciones en 100 ml, 20 ml\u00a0 y 250 ml<\/strong><\/p>\n<\/div>\n","protected":false},"featured_media":763,"comment_status":"open","ping_status":"closed","template":"","meta":{"_uag_custom_page_level_css":"","site-sidebar-layout":"default","site-content-layout":"","ast-site-content-layout":"default","site-content-style":"default","site-sidebar-style":"default","ast-global-header-display":"","ast-banner-title-visibility":"","ast-main-header-display":"","ast-hfb-above-header-display":"","ast-hfb-below-header-display":"","ast-hfb-mobile-header-display":"","site-post-title":"","ast-breadcrumbs-content":"","ast-featured-img":"","footer-sml-layout":"","theme-transparent-header-meta":"default","adv-header-id-meta":"","stick-header-meta":"","header-above-stick-meta":"","header-main-stick-meta":"","header-below-stick-meta":"","astra-migrate-meta-layouts":"set","ast-page-background-enabled":"default","ast-page-background-meta":{"desktop":{"background-color":"var(--ast-global-color-5)","background-image":"","background-repeat":"repeat","background-position":"center center","background-size":"auto","background-attachment":"scroll","background-type":"","background-media":"","overlay-type":"","overlay-color":"","overlay-opacity":"","overlay-gradient":""},"tablet":{"background-color":"","background-image":"","background-repeat":"repeat","background-position":"center center","background-size":"auto","background-attachment":"scroll","background-type":"","background-media":"","overlay-type":"","overlay-color":"","overlay-opacity":"","overlay-gradient":""},"mobile":{"background-color":"","background-image":"","background-repeat":"repeat","background-position":"center center","background-size":"auto","background-attachment":"scroll","background-type":"","background-media":"","overlay-type":"","overlay-color":"","overlay-opacity":"","overlay-gradient":""}},"ast-content-background-meta":{"desktop":{"background-color":"var(--ast-global-color-4)","background-image":"","background-repeat":"repeat","background-position":"center center","background-size":"auto","background-attachment":"scroll","background-type":"","background-media":"","overlay-type":"","overlay-color":"","overlay-opacity":"","overlay-gradient":""},"tablet":{"background-color":"var(--ast-global-color-4)","background-image":"","background-repeat":"repeat","background-position":"center center","background-size":"auto","background-attachment":"scroll","background-type":"","background-media":"","overlay-type":"","overlay-color":"","overlay-opacity":"","overlay-gradient":""},"mobile":{"background-color":"var(--ast-global-color-4)","background-image":"","background-repeat":"repeat","background-position":"center center","background-size":"auto","background-attachment":"scroll","background-type":"","background-media":"","overlay-type":"","overlay-color":"","overlay-opacity":"","overlay-gradient":""}},"_joinchat":[]},"product_brand":[],"product_cat":[41],"product_tag":[],"class_list":{"0":"post-762","1":"product","2":"type-product","3":"status-publish","4":"has-post-thumbnail","6":"product_cat-lab-biozoo","7":"desktop-align-left","8":"tablet-align-left","9":"mobile-align-left","11":"first","12":"instock","13":"featured","14":"shipping-taxable","15":"product-type-external"},"aioseo_notices":[],"uagb_featured_image_src":{"full":["https:\/\/importadoracristinateran.com\/wp-content\/uploads\/2025\/03\/ProteizooPlus100ml-C1-A_750.png",750,750,false],"thumbnail":["https:\/\/importadoracristinateran.com\/wp-content\/uploads\/2025\/03\/ProteizooPlus100ml-C1-A_750-150x150.png",150,150,true],"medium":["https:\/\/importadoracristinateran.com\/wp-content\/uploads\/2025\/03\/ProteizooPlus100ml-C1-A_750-300x300.png",300,300,true],"medium_large":["https:\/\/importadoracristinateran.com\/wp-content\/uploads\/2025\/03\/ProteizooPlus100ml-C1-A_750.png",750,750,false],"large":["https:\/\/importadoracristinateran.com\/wp-content\/uploads\/2025\/03\/ProteizooPlus100ml-C1-A_750.png",750,750,false],"1536x1536":["https:\/\/importadoracristinateran.com\/wp-content\/uploads\/2025\/03\/ProteizooPlus100ml-C1-A_750.png",750,750,false],"2048x2048":["https:\/\/importadoracristinateran.com\/wp-content\/uploads\/2025\/03\/ProteizooPlus100ml-C1-A_750.png",750,750,false],"woocommerce_thumbnail":["https:\/\/importadoracristinateran.com\/wp-content\/uploads\/2025\/03\/ProteizooPlus100ml-C1-A_750-300x300.png",300,300,true],"woocommerce_single":["https:\/\/importadoracristinateran.com\/wp-content\/uploads\/2025\/03\/ProteizooPlus100ml-C1-A_750-600x600.png",600,600,true],"woocommerce_gallery_thumbnail":["https:\/\/importadoracristinateran.com\/wp-content\/uploads\/2025\/03\/ProteizooPlus100ml-C1-A_750-100x100.png",100,100,true],"dgwt-wcas-product-suggestion":["https:\/\/importadoracristinateran.com\/wp-content\/uploads\/2025\/03\/ProteizooPlus100ml-C1-A_750-64x64.png",64,64,true]},"uagb_author_info":{"display_name":"mcris.import@gmail.com","author_link":"https:\/\/importadoracristinateran.com\/?author=0"},"uagb_comment_info":0,"uagb_excerpt":"Proteizoo\u00ae Plus\u00a0act\u00faa como inmunoestimulante inespec\u00edfico al activar el sistema de defensas y lograr el control de los procesos infecciosos agudos y cr\u00f3nicos en combinaci\u00f3n con el antimicrobiano de elecci\u00f3n. Coadyuvante en el tratamiento de infecciones broncopulmonares, de piel, artritis, mastitis, queratitis o nube de ojo y en padecimientos de etiolog\u00eda viral. Presentaciones en 100 ml,&hellip;","_links":{"self":[{"href":"https:\/\/importadoracristinateran.com\/index.php?rest_route=\/wp\/v2\/product\/762","targetHints":{"allow":["GET"]}}],"collection":[{"href":"https:\/\/importadoracristinateran.com\/index.php?rest_route=\/wp\/v2\/product"}],"about":[{"href":"https:\/\/importadoracristinateran.com\/index.php?rest_route=\/wp\/v2\/types\/product"}],"replies":[{"embeddable":true,"href":"https:\/\/importadoracristinateran.com\/index.php?rest_route=%2Fwp%2Fv2%2Fcomments&post=762"}],"wp:featuredmedia":[{"embeddable":true,"href":"https:\/\/importadoracristinateran.com\/index.php?rest_route=\/wp\/v2\/media\/763"}],"wp:attachment":[{"href":"https:\/\/importadoracristinateran.com\/index.php?rest_route=%2Fwp%2Fv2%2Fmedia&parent=762"}],"wp:term":[{"taxonomy":"product_brand","embeddable":true,"href":"https:\/\/importadoracristinateran.com\/index.php?rest_route=%2Fwp%2Fv2%2Fproduct_brand&post=762"},{"taxonomy":"product_cat","embeddable":true,"href":"https:\/\/importadoracristinateran.com\/index.php?rest_route=%2Fwp%2Fv2%2Fproduct_cat&post=762"},{"taxonomy":"product_tag","embeddable":true,"href":"https:\/\/importadoracristinateran.com\/index.php?rest_route=%2Fwp%2Fv2%2Fproduct_tag&post=762"}],"curies":[{"name":"wp","href":"https:\/\/api.w.org\/{rel}","templated":true}]}}