{"id":813,"date":"2025-04-02T02:32:10","date_gmt":"2025-04-02T02:32:10","guid":{"rendered":"https:\/\/importadoracristinateran.com\/?post_type=product&#038;p=813"},"modified":"2025-05-10T00:47:02","modified_gmt":"2025-05-10T00:47:02","slug":"micona-shampoo","status":"publish","type":"product","link":"https:\/\/importadoracristinateran.com\/?product=micona-shampoo","title":{"rendered":"Micona Shampoo"},"content":{"rendered":"<div class=\"mb-3\">\n<div class=\"caption\">COMPOSITION\u00a0:<\/div>\n<div>\n<div>\n<p>Cada 1 mL contiene:<\/p>\n<p>Digluconato de clorhexidina\u2026\u2026\u2026\u2026.. 20 mg<\/p>\n<p>Nitrato de miconazol\u2026\u2026\u2026\u2026\u2026\u2026\u2026\u2026.. 20 mg<\/p>\n<p>Exp. q.s. a \u2026\u2026\u2026\u2026\u2026\u2026.\u2026\u2026\u2026\u2026\u2026&#8230;&#8230;&#8230;.1 mL<\/p>\n<\/div>\n<\/div>\n<\/div>\n<div class=\"mb-3\">\n<div class=\"caption\">INDICACIONES\u00a0:<\/div>\n<div>\n<div>\n<p><strong>Perros:<\/strong>\u00a0Para el tratamiento y control de la dermatitis seborreica asociada a Malassezia pachydermatis y Staphylococcus intermedius.<\/p>\n<p><strong>Gatos:<\/strong>\u00a0Como ayuda en el tratamiento de la ti\u00f1a debida a Microsporum canis junto con griseofulvina.<\/p>\n<p>Micona Shampoo ayuda a eliminar las escamas y desengrasar la piel sin pelar el pelaje. Hidrata y mantiene el brillo del pelaje.<\/p>\n<\/div>\n<\/div>\n<\/div>\n<div class=\"mb-3\">\n<div class=\"caption\">INSTRUCCIONES DE USO\u00a0:<\/div>\n<div>\n<div>\n<p><strong>Perros:<\/strong>\u00a0L\u00e1vese con shampoo dos veces por semana hasta que los s\u00edntomas desaparezcan y una vez por semana a partir de entonces o seg\u00fan sea necesario para mantener la afecci\u00f3n bajo control.<\/p>\n<p><strong>Gatos:<\/strong>\u00a0Lavar con shampoo dos veces por semana durante un per\u00edodo m\u00ednimo hasta que el cepillado del pelaje sea negativo para el cultivo de M. canis. La duraci\u00f3n m\u00e1xima del per\u00edodo de tratamiento no debe exceder las 16 semanas. Dependiendo de la longitud y el tipo de pelaje, se debe considerar si es necesario recortar el pelaje del gato antes del tratamiento.<\/p>\n<p>Humedezca bien al animal con agua limpia y aplique Micona Shampoo al animal en varios puntos y masajee el pelaje. Use una cantidad suficiente de shampoo para hacer espuma en el pelaje y la piel. Aseg\u00farese de que el shampoo se aplique alrededor de los labios, debajo de la cola y entre los\u00a0dedos de las patas. Deje\u00a0que el animal repose durante 10 minutos, luego enjuague con agua limpia y d\u00e9jelo secar naturalmente en un ambiente c\u00e1lido y sin corrientes de aire.<\/p>\n<\/div>\n<\/div>\n<\/div>\n<div class=\"mb-3\">\n<div class=\"caption\">ALMACENAMIENTO\u00a0:<\/div>\n<div>\n<div>\n<p>Almacenar en un lugar seco a no m\u00e1s de 30oC. Proteger de la humedad.<\/p>\n<\/div>\n<\/div>\n<\/div>\n","protected":false},"excerpt":{"rendered":"<div class=\"mb-3\">\n<div class=\"caption\">COMPOSITION\u00a0:<\/div>\n<div>\n<div>\n<p>Cada 1 mL contiene:<\/p>\n<p>Digluconato de clorhexidina\u2026\u2026\u2026\u2026.. 20 mg<\/p>\n<p>Nitrato de miconazol\u2026\u2026\u2026\u2026\u2026\u2026\u2026\u2026.. 20 mg<\/p>\n<p>Exp. q.s. a \u2026\u2026\u2026\u2026\u2026\u2026.\u2026\u2026\u2026\u2026\u2026&#8230;&#8230;&#8230;.1 mL<\/p>\n<\/div>\n<\/div>\n<\/div>\n<div class=\"mb-3\">\n<div class=\"caption\">INDICACIONES\u00a0:<\/div>\n<div>\n<div>\n<p><strong>Perros:<\/strong>\u00a0Para el tratamiento y control de la dermatitis seborreica asociada a Malassezia pachydermatis y Staphylococcus intermedius.<\/p>\n<\/div>\n<\/div>\n<\/div>\n","protected":false},"featured_media":814,"comment_status":"open","ping_status":"closed","template":"","meta":{"_uag_custom_page_level_css":"","site-sidebar-layout":"default","site-content-layout":"","ast-site-content-layout":"default","site-content-style":"default","site-sidebar-style":"default","ast-global-header-display":"","ast-banner-title-visibility":"","ast-main-header-display":"","ast-hfb-above-header-display":"","ast-hfb-below-header-display":"","ast-hfb-mobile-header-display":"","site-post-title":"","ast-breadcrumbs-content":"","ast-featured-img":"","footer-sml-layout":"","theme-transparent-header-meta":"default","adv-header-id-meta":"","stick-header-meta":"","header-above-stick-meta":"","header-main-stick-meta":"","header-below-stick-meta":"","astra-migrate-meta-layouts":"set","ast-page-background-enabled":"default","ast-page-background-meta":{"desktop":{"background-color":"var(--ast-global-color-5)","background-image":"","background-repeat":"repeat","background-position":"center center","background-size":"auto","background-attachment":"scroll","background-type":"","background-media":"","overlay-type":"","overlay-color":"","overlay-opacity":"","overlay-gradient":""},"tablet":{"background-color":"","background-image":"","background-repeat":"repeat","background-position":"center center","background-size":"auto","background-attachment":"scroll","background-type":"","background-media":"","overlay-type":"","overlay-color":"","overlay-opacity":"","overlay-gradient":""},"mobile":{"background-color":"","background-image":"","background-repeat":"repeat","background-position":"center center","background-size":"auto","background-attachment":"scroll","background-type":"","background-media":"","overlay-type":"","overlay-color":"","overlay-opacity":"","overlay-gradient":""}},"ast-content-background-meta":{"desktop":{"background-color":"var(--ast-global-color-4)","background-image":"","background-repeat":"repeat","background-position":"center center","background-size":"auto","background-attachment":"scroll","background-type":"","background-media":"","overlay-type":"","overlay-color":"","overlay-opacity":"","overlay-gradient":""},"tablet":{"background-color":"var(--ast-global-color-4)","background-image":"","background-repeat":"repeat","background-position":"center center","background-size":"auto","background-attachment":"scroll","background-type":"","background-media":"","overlay-type":"","overlay-color":"","overlay-opacity":"","overlay-gradient":""},"mobile":{"background-color":"var(--ast-global-color-4)","background-image":"","background-repeat":"repeat","background-position":"center center","background-size":"auto","background-attachment":"scroll","background-type":"","background-media":"","overlay-type":"","overlay-color":"","overlay-opacity":"","overlay-gradient":""}},"_joinchat":[]},"product_brand":[],"product_cat":[34],"product_tag":[84],"class_list":{"0":"post-813","1":"product","2":"type-product","3":"status-publish","4":"has-post-thumbnail","6":"product_cat-lab-vemedin","7":"product_tag-shampoo","8":"desktop-align-left","9":"tablet-align-left","10":"mobile-align-left","12":"first","13":"instock","14":"featured","15":"shipping-taxable","16":"product-type-external"},"aioseo_notices":[],"uagb_featured_image_src":{"full":["https:\/\/importadoracristinateran.com\/wp-content\/uploads\/2025\/04\/miconashampoo.png",720,720,false],"thumbnail":["https:\/\/importadoracristinateran.com\/wp-content\/uploads\/2025\/04\/miconashampoo-150x150.png",150,150,true],"medium":["https:\/\/importadoracristinateran.com\/wp-content\/uploads\/2025\/04\/miconashampoo-300x300.png",300,300,true],"medium_large":["https:\/\/importadoracristinateran.com\/wp-content\/uploads\/2025\/04\/miconashampoo.png",720,720,false],"large":["https:\/\/importadoracristinateran.com\/wp-content\/uploads\/2025\/04\/miconashampoo.png",720,720,false],"1536x1536":["https:\/\/importadoracristinateran.com\/wp-content\/uploads\/2025\/04\/miconashampoo.png",720,720,false],"2048x2048":["https:\/\/importadoracristinateran.com\/wp-content\/uploads\/2025\/04\/miconashampoo.png",720,720,false],"woocommerce_thumbnail":["https:\/\/importadoracristinateran.com\/wp-content\/uploads\/2025\/04\/miconashampoo-300x300.png",300,300,true],"woocommerce_single":["https:\/\/importadoracristinateran.com\/wp-content\/uploads\/2025\/04\/miconashampoo-600x600.png",600,600,true],"woocommerce_gallery_thumbnail":["https:\/\/importadoracristinateran.com\/wp-content\/uploads\/2025\/04\/miconashampoo-100x100.png",100,100,true],"dgwt-wcas-product-suggestion":["https:\/\/importadoracristinateran.com\/wp-content\/uploads\/2025\/04\/miconashampoo-64x64.png",64,64,true]},"uagb_author_info":{"display_name":"mcris.import@gmail.com","author_link":"https:\/\/importadoracristinateran.com\/?author=0"},"uagb_comment_info":0,"uagb_excerpt":"COMPOSITION\u00a0: Cada 1 mL contiene: Digluconato de clorhexidina\u2026\u2026\u2026\u2026.. 20 mg Nitrato de miconazol\u2026\u2026\u2026\u2026\u2026\u2026\u2026\u2026.. 20 mg Exp. q.s. a \u2026\u2026\u2026\u2026\u2026\u2026.\u2026\u2026\u2026\u2026\u2026..........1 mL INDICACIONES\u00a0: Perros:\u00a0Para el tratamiento y control de la dermatitis seborreica asociada a Malassezia pachydermatis y Staphylococcus intermedius.","_links":{"self":[{"href":"https:\/\/importadoracristinateran.com\/index.php?rest_route=\/wp\/v2\/product\/813","targetHints":{"allow":["GET"]}}],"collection":[{"href":"https:\/\/importadoracristinateran.com\/index.php?rest_route=\/wp\/v2\/product"}],"about":[{"href":"https:\/\/importadoracristinateran.com\/index.php?rest_route=\/wp\/v2\/types\/product"}],"replies":[{"embeddable":true,"href":"https:\/\/importadoracristinateran.com\/index.php?rest_route=%2Fwp%2Fv2%2Fcomments&post=813"}],"wp:featuredmedia":[{"embeddable":true,"href":"https:\/\/importadoracristinateran.com\/index.php?rest_route=\/wp\/v2\/media\/814"}],"wp:attachment":[{"href":"https:\/\/importadoracristinateran.com\/index.php?rest_route=%2Fwp%2Fv2%2Fmedia&parent=813"}],"wp:term":[{"taxonomy":"product_brand","embeddable":true,"href":"https:\/\/importadoracristinateran.com\/index.php?rest_route=%2Fwp%2Fv2%2Fproduct_brand&post=813"},{"taxonomy":"product_cat","embeddable":true,"href":"https:\/\/importadoracristinateran.com\/index.php?rest_route=%2Fwp%2Fv2%2Fproduct_cat&post=813"},{"taxonomy":"product_tag","embeddable":true,"href":"https:\/\/importadoracristinateran.com\/index.php?rest_route=%2Fwp%2Fv2%2Fproduct_tag&post=813"}],"curies":[{"name":"wp","href":"https:\/\/api.w.org\/{rel}","templated":true}]}}