{"id":821,"date":"2025-04-03T00:49:41","date_gmt":"2025-04-03T00:49:41","guid":{"rendered":"https:\/\/importadoracristinateran.com\/?post_type=product&#038;p=821"},"modified":"2025-05-10T00:51:47","modified_gmt":"2025-05-10T00:51:47","slug":"inadrim-inyectable","status":"publish","type":"product","link":"https:\/\/importadoracristinateran.com\/?product=inadrim-inyectable","title":{"rendered":"Inadrim Inyectable"},"content":{"rendered":"<div id=\"prodHeader\">\n<div id=\"prodDesc\"><\/div>\n<\/div>\n<div class=\"theContent\">\n<p><strong>INDICACIONES<\/strong><br \/>\nTranquilizante neurol\u00e9ptico indicado para sedar animales excitados o agresivos, as\u00ed como para facilitar el manejo en intervenciones con fines de diagn\u00f3stico, terap\u00e9utico (tratar heridas, extraer verrugas, quistes y puntos), e intervenciones quir\u00fargicas menores.<br \/>\nSe utiliza particularmente asociado con anestesia local, para castraciones, extirpaci\u00f3n de tumores cut\u00e1neos, cirug\u00eda ocular y volteo de grandes animales.<br \/>\nTranquilizante de uso solo o combinado con anest\u00e9sicos utilizados para la inducci\u00f3n y mantenimiento, potenciando el efecto de los mismos. Se utiliza frecuentemente como preanest\u00e9sico 20 minutos antes de la anestesia general.<\/p>\n<p><strong>CONTRAINDICACIONES Y ADVERTENCIAS<\/strong><br \/>\nEn caso de hipovolemia y shock.<br \/>\nEn animales que padecen tetanos o intoxicaci\u00f3n con estricnina debido a los efectos sobre el sistema extrapiramidal.<br \/>\nEn anestesia epidural debido a que potencian los efectos hipotensores arteriales de los anest\u00e9sicos locales.<br \/>\nNo administrar este producto hasta transcurrido un mes del tratamiento de los animales con productos que son organofosforados (inclu\u00eddos collares antipulgas).<br \/>\nNo utilizar Epinefrina debido a que la acepromazina bloquea los efectos centrales y perif\u00e9ricos de las catecolaminas y puede prevenir y revertir acciones de la epinefrina (reversi\u00f3n de la epinefrina). Sin embargo, puede utilizarse la Norepinefrina sin riesgo de potenciar los efectos hipotensores de las fenotiazinas.<br \/>\nEn pacientes geri\u00e1tricos peque\u00f1as dosis fueron asociadas con un efecto prolongado de la droga.<br \/>\nLas razas gigantes, braquicef\u00e1licas (pekin\u00e9s, bulldog) y greyhounds son extremadamente sensibles al f\u00e1rmaco, mientras que los terriers son m\u00e1s resistentes a sus efectos.<br \/>\nDeber\u00e1n utilizarse dosis menores de Inadrim inyectable cuando se trate de animales con problemas hep\u00e1ticos, enfermos card\u00edacos debilitados.<br \/>\nUtilizarlo con cuidado en animales muy j\u00f3venes y en aquellos debilitados debido a su efecto sobre la termorregulaci\u00f3n.<br \/>\nLa acepromazina no posee efecto analg\u00e9sico por lo tanto se deber\u00e1 utilizar un analg\u00e9sico apropiado para el control del dolor.<br \/>\nLa administraci\u00f3n endovenosa debe ser lenta.<br \/>\nNo administrar en equinos de carrera durante los cuatro d\u00edas anteriores a la competencia.<br \/>\nLas dosis y advertencias sugeridas en todos los casos quedan a consideraci\u00f3n del m\u00e9dico veterinario actuante.<br \/>\nLa temperatura adecuada para la correcta conservaci\u00f3n del producto es entre 4 y 25\u00baC, al abrigo de la luz solar directa, conservando en lugar seco e higi\u00e9nico.<br \/>\nMantener fuera del alcance de los ni\u00f1os.<br \/>\nDe ninguna forma y bajo ning\u00fan concepto se debe transvasar el producto o exponer su contenido al medio ambiente; maniobra que pone en riesgo la correcta conservaci\u00f3n del mismo.<br \/>\nVerificar que las condiciones de almacenamiento previo a su uso sean las adecuadas<\/p>\n<p><strong>EFECTOS COLATERALES<\/strong><br \/>\nLos boxers son muy sensibles a los efectos hipotensores y bradic\u00e1rdicos que produce esta droga. Por lo tanto deber\u00e1n usarse con sumo cuidado y en la menor dosis posible. Se sugiere combinar la Acepromazina con Atropina para evitar los efectos bradicardizantes de la primera.<br \/>\nLa Acepromazina puede desencadenar convulsiones en los animales susceptibles ya que disminuye el umbral convulsivo en el SNC. Por lo tanto no debe utilizarse en estos animales y\/o en animales sometidos a estudios mielogr\u00e1ficos.<br \/>\nOcacionalmente pueden presentarse reacciones de agresividad o excitaci\u00f3n.<br \/>\nEl efecto hipotensor debe ser considerado. Lo mismo sucede con el colapso cardiovascular secundario a la braquicardia e hipotensi\u00f3n. Los caninos son m\u00e1s sensibles a estos efectos que otras especies.<br \/>\nEn los machos de grandes especies, causa protrusi\u00f3n del pene correspondiente con el efecto sedante de la droga. En los equinos este efecto puede durar dos horas. En los padrillos, particularmente, debe utilizarse con precauci\u00f3n debido a las lesiones que podr\u00edan ocurrir resultando en inflamaci\u00f3n y hasta par\u00e1lisis permanente del m\u00fasculo retractor del pene. Otros efectos que se pueden observar en equinos son: excitaci\u00f3n, sudoraci\u00f3n, temblores, taquipnea, taquicardia y muy raramente convulsiones.<br \/>\nNo debe administrarse en forma intraarterial en equinos ya que podr\u00eda causar una severa excitaci\u00f3n o depres\u00f3n del SNC, convulsi\u00f3n y muerte.<br \/>\nEn los bovinos puede causar regurgitaci\u00f3n del contenido ruminal durante la inducci\u00f3n a la anestesia general.<br \/>\nLa administraci\u00f3n por v\u00eda intramuscular puede causar dolor transitorio en el sitio de la inyecci\u00f3n.<br \/>\nLas convulsiones pueden controlarse con Barbit\u00faricos, Midazolam o Diazepam.<br \/>\nEl antagonista sugerido para los efectos depresores del SNC producidos por la Acepromazina es el Doxapram..<br \/>\nSobredosificaci\u00f3n: S\u00edntomas extrapiramidales (rigidez, temblores, akinesia) o s\u00edntomas catal\u00e9pticos se observan como efectos secundarios significativos, particularmente a dosis altas.<br \/>\nDosis altas pueden deprimir la actividad respiratoria.<br \/>\nGeneralmente las sobredosificaciones pueden controlarse mediante monitoreo del paciente y tratamiento sintom\u00e1tico.<br \/>\nLa hipotensi\u00f3n podr\u00e1 tratarse con Fenilepinefrina o Norepinefrina.<\/p>\n<p><strong>DOSIFICACION<br \/>\n<\/strong><br \/>\nCaninos:<br \/>\nPreanest\u00e9sico: 0,055 a 0,11 mg por kg endovenoso, subcut\u00e1neo o intramuscular. No administrar m\u00e1s de 3 mg totales.<br \/>\nPara tranquilizaci\u00f3n o sedaci\u00f3n: 0,025 a 0,03 mg por kg endovenoso, subcut\u00e1neo o intramuscular. Podr\u00e1 repetirse la dosis a las 6 a 8 horas de ser necesario. La administraci\u00f3n por la v\u00eda endovenosa debe ser lenta en todas las especies. Pasar\u00e1n 15 minutos hasta el comienzo de la acci\u00f3n.<\/p>\n<p>Felinos:<br \/>\nPreanest\u00e9sico: 0,055 a 0,11 mg por kg endovenoso, subcut\u00e1neo o intramuscular. No administrar m\u00e1s de 1 mg totales.<br \/>\nPara tranquilizaci\u00f3n o sedaci\u00f3n: 0,025 a 0,03 mg por kg endovenoso, subcut\u00e1neo o intramuscular. Podr\u00e1 repetirse la dosis a las 8 a 12 horas de ser necesario.<\/p>\n<p>Equinos:<br \/>\nPara tranquilizaci\u00f3n o sedaci\u00f3n: 4,4 a 8,8 mg cada 100 kg endovenoso, subcut\u00e1neo o intramuscular.<br \/>\nPreanest\u00e9sico: 2 a 5 mg cada 100 kg endovenoso, subcut\u00e1neo o intramuscular.<\/p>\n<p>Bovinos:<br \/>\n0,01 a 0,1 mg por kg endovenoso, subcut\u00e1neo o intramuscular.<br \/>\nOvinos y caprinos:<br \/>\n0,05 a 0,1 mg por kg intramuscular.<\/p>\n<p>Porcinos:<br \/>\nPreanest\u00e9sico: 0,1 a 0,2 mg por kg endovenoso, subcut\u00e1neo o intramuscular. No administrar m\u00e1s de 15 mg totales.<br \/>\nPara tranquilizaci\u00f3n o sedaci\u00f3n: 0,03 a 0,1 mg por kg endovenoso.<br \/>\nPara cortos per\u00edodos de inmovilizaci\u00f3n: acepromazina 0,5 mg por kg intramuscular seguida a los 30 minutos de Ketamina 15 mg por kg intramuscular. Puede administrarse Atropina (0,044 mg por kg intramuscular) que reducir\u00e1 la salivaci\u00f3n y secreci\u00f3n bronquial.<\/p>\n<p>Conejos:<br \/>\nComo tranquilizante: 1 mg por kg intramuscular, el efecto comenzar\u00e1 a los 10 minutos de la aplicaci\u00f3n y durar\u00e1 por 1 a 2 horas.<br \/>\nComo regla general, la dosis en mg por kg decrece a medida que el peso del animal aumenta.<\/p>\n<p>Se recomienda el uso de la menor dosis de re\u00adferencia en los animales que respondan a alguna de las caracter\u00edsticas mencionadas en \u201cPrecauciones de Uso\u201d.<\/p>\n<p><strong>ADMINISTRACION<\/strong><\/p>\n<p>Inadrim inyectable, podr\u00e1 ser administrado por v\u00eda subcut\u00e1nea, intramuscular o endovenosa.<br \/>\nPara su aplicaci\u00f3n se utilizar\u00e1n jeringas y agujas est\u00e9riles.<\/p>\n<p><strong>CONTRAINDICACIONES<\/strong><\/p>\n<p>\u2022 En caso de hipovolemia y shock.<\/p>\n<p>\u2022 En animales que padecen tetanos\u00a0 o intoxicaci\u00f3n con estricnina debido a los efectos sobre el sistema extrapiramidal.<\/p>\n<p>\u2022 No administrar este producto hasta transcurrido un mes del tratamiento de los animales con productos que son organofosforados (inclu\u00eddos collares antipulgas).<\/p>\n<p>\u2022 No utilizar epinefrina debido a que la acepromazina bloquea los efectos centrales y perif\u00e9ricos\u00a0 de las catecolaminas y puede prevenir y revertir acciones de la epinefrina (reversi\u00f3n de la epinefrina). Sin embargo, puede utilizarse la Norepinefrina sin riesgo de potenciar los efectos hipotensores de las fenotiazinas.<\/p>\n<p>\u2022 En anestesia epidural debido a que potencian los efectos hipotensores arteriales de los anest\u00e9sicos locales.<\/p>\n<p><strong>PRECAUCIONES DE USO<\/strong><\/p>\n<p>\u2022 En caninos, la acepromazina produce efectos dependientes de la variaci\u00f3n individual y de la raza.<\/p>\n<p>\u2022 En pacientes geri\u00e1tricos peque\u00f1as dosis fueron asociadas con un efecto prolongado de la droga.<\/p>\n<p>\u2022 Las razas gigantes, braquicef\u00e1licas (pekin\u00e9s, bulldog) y greyhounds son extremadamente sensibles al f\u00e1rmaco, mientras que los terriers son m\u00e1s resistentes a sus efectos.<\/p>\n<p>\u2022 Los boxers son muy sensibles a los efectos hipotensores y bradic\u00e1rdicos\u00a0 que produce esta droga. Por lo tanto deber\u00e1n usarse con sumo cuidado y en la menor dosis posible. Se sugiere combinar la acepromazina con atropina para evitar los efectos bradicardizantes de la primera.<\/p>\n<p>\u2022 La acepromazina puede desencadenar convulsiones en los animales susceptibles ya que dismi\u00adnuye el umbral convulsivo en el SNC. Por lo tanto no debe utilizarse en estos animales\u00a0 y\/o en animales sometidos a estudios mielogr\u00e1ficos.<\/p>\n<p>\u2022 Deber\u00e1n utilizarse dosis menores de Inadrim in\u00adyectable cuando se trate de animales con problemas hep\u00e1ticos, enfermos card\u00edacos debilitados.<\/p>\n<p>\u2022 Utilizarlo con cuidado en animales muy j\u00f3venes y en aquellos debilitados debido a su efecto sobre la termorregulaci\u00f3n.<\/p>\n<p>\u2022 Ocasionalmente pueden presentarse reacciones de agresividad o excitaci\u00f3n.<\/p>\n<p>\u2022 El uso de Inadrim inyectable disminuir\u00e1 la dosis a administrar de los anest\u00e9sicos generales debido a que potencia el efecto de los mismos.<\/p>\n<p>\u2022 Deber\u00e1n monitoriarse la frecuencia y ritmo card\u00edaco y la presi\u00f3n sanguinea.<\/p>\n<p>\u2022 El efecto hipotensor debe ser considerado. Lo mismo sucede con el colapso cardiovascular secundario a la braquicardia e hipotensi\u00f3n. Los caninos son m\u00e1s sensibles a estos efectos que otras especies.<\/p>\n<p>\u2022 La acepromazina no posee efecto analg\u00e9sico por lo tanto se deber\u00e1 utilizar un analg\u00e9sico apropiado para el control del dolor.<\/p>\n<p>\u2022 En los machos de grandes especies, causa protrusi\u00f3n del pene en relaci\u00f3n al efecto sedante de la droga. En los equinos este efecto puede durar dos horas. En lo padrillos, particularmente, debe utilizarse con precauci\u00f3n debido a las lesiones que podr\u00edan ocurrir resultando en inflamaci\u00f3n\u00a0 y hasta par\u00e1lisis perma- nente del m\u00fasculo retractor del pene. Otros efectos que se pueden observar en equinos son excitaci\u00f3n, sudoraci\u00f3n, temblores, taquipnea, taquicardia y muy raramente convulsiones.<\/p>\n<p>\u2022 La administraci\u00f3n endovenosa debe ser lenta. No debe administrarse en forma intraarterial en equinos ya que podr\u00eda causar una severa excitaci\u00f3n o depres\u00f3n del SNC, convulsi\u00f3n y muerte.<\/p>\n<p>\u2022 No administrar en equinos de carrera durante los cuatro d\u00edas anteriores a la competencia.<\/p>\n<p>\u2022 En los bovinos puede causar regurgitaci\u00f3n del contenido ruminal durante la inducci\u00f3n a la anestesia general.<\/p>\n<p>\u2022 La administraci\u00f3n por v\u00eda intramuscular puede causar dolor transitorio en el sitio de la inyecci\u00f3n.<br \/>\nVerificar que las condiciones de almacenamiento previo a su uso sean las adecuadas.<\/p>\n<p><strong>SOBREDOSIFICACI\u00d3N<\/strong><\/p>\n<p>\u2022 S\u00edntomas extrapiramidales (rigidez, temblores, aki- nesia) o s\u00edntomas catal\u00e9pticos se observan como efectos secundarios significativos, particularmente a dosis altas.<\/p>\n<p>\u2022 Dosis altas pueden deprimir la actividad respiratoria.<\/p>\n<p>\u2022 Generalmente las sobredosificaciones pueden con- trolarse mediante monitoreo del paciente y trata- miento sintom\u00e1tico.<\/p>\n<p>\u2022 La hipotensi\u00f3n podr\u00e1 tratarse con fenilepine\u00adfrina o norepinefrina.<\/p>\n<p>\u2022 Las convulsiones pueden controlarse con Barbit\u00faricos, Midazolam o Diazepam.<\/p>\n<p>\u2022 El antagonista sugerido para los efectos depresores del SNC producidos por la acepromazina es el Doxapram.<\/p>\n<p><strong>ADVERTENCIAS<\/strong><\/p>\n<p>Las dosis y advertencias sugeridas en todos los casos quedan a consideraci\u00f3n del M\u00e9dico Veterinario actuante.<br \/>\nLa temperatura adecuada para la correcta conservaci\u00f3n del producto es entre 4 y 25 \u00baC, al abrigo de la luz solar directa, conservando en lugar seco e higi\u00e9nico.<br \/>\nMantener fuera del alcance de los ni\u00f1os y animales dom\u00e9sticos.<br \/>\nDe ninguna forma y bajo ning\u00fan concepto se debe transvasar el producto o exponer su contenido al medio ambiente; maniobra que pone en riesgo la correcta conservaci\u00f3n del mismo.<\/p>\n<\/div>\n","protected":false},"excerpt":{"rendered":"<div id=\"prodHeader\">\n<div id=\"prodDesc\">\n<p><strong>Tranquilizante neurol\u00e9ptico inyectable a base de maleato de acepromazina para usar en porcinos, equinos, ovinos, bovinos, caninos y felinos.<\/strong><\/p>\n<div id=\"prodFormula\">\n<p><em>Acepromazina, maleato:\u00a0\u00a0 \u00a01 g.<br \/>\nExcipientes c.s.p.:\u00a0\u00a0 \u00a0100 ml.<\/em><\/p>\n<\/div>\n<\/div>\n<\/div>\n<div class=\"theContent\">\n<p><strong>ACCI\u00d3N<\/strong><br \/>\nTiene una acci\u00f3n sedante por depresi\u00f3n del tallo y de la corteza cerebral. Las respuestas motoras coordinadas del animal no se afectan en forma apreciable. Al utilizarlo como premedicaci\u00f3n contribuye a una recuperaci\u00f3n tranquila.<br \/>\nLa principal actividad central de los neurol\u00e9pticos es el bloqueo de los receptores dopam\u00ednicos postsin\u00e1pticos del SNC, incrementando la velocidad de renovaci\u00f3n de la dopamina, es decir, su s\u00edntesis y degradaci\u00f3n en el cerebro.<br \/>\nLa acepromazina deprime la porci\u00f3n del sistema reticular cuya funci\u00f3n consiste en el control de la temperatura corporal, metabolismo basal, em\u00e9sis, tono vasomotor, balance hormonal y estado de alerta.<br \/>\nPosee efectos bloqueantes adren\u00e9rgicos junto con efectos d\u00e9biles anticolin\u00e9rgicos, antihistam\u00ednicos y antiespasm\u00f3dicos. Tambi\u00e9n potencia las acciones del sulfato de atropina, analg\u00e9sicos, hipn\u00f3ticos y anest\u00e9sicos generales y locales.<br \/>\nLa actividad antiem\u00e9tica est\u00e1 relacionada con el bloqueo de los receptores dopamin\u00e9rgicos de la zona quimiorreceptora de la m\u00e9dula.<\/p>\n<\/div>\n","protected":false},"featured_media":822,"comment_status":"open","ping_status":"closed","template":"","meta":{"_uag_custom_page_level_css":"","site-sidebar-layout":"default","site-content-layout":"","ast-site-content-layout":"default","site-content-style":"default","site-sidebar-style":"default","ast-global-header-display":"","ast-banner-title-visibility":"","ast-main-header-display":"","ast-hfb-above-header-display":"","ast-hfb-below-header-display":"","ast-hfb-mobile-header-display":"","site-post-title":"","ast-breadcrumbs-content":"","ast-featured-img":"","footer-sml-layout":"","theme-transparent-header-meta":"default","adv-header-id-meta":"","stick-header-meta":"","header-above-stick-meta":"","header-main-stick-meta":"","header-below-stick-meta":"","astra-migrate-meta-layouts":"set","ast-page-background-enabled":"default","ast-page-background-meta":{"desktop":{"background-color":"var(--ast-global-color-5)","background-image":"","background-repeat":"repeat","background-position":"center center","background-size":"auto","background-attachment":"scroll","background-type":"","background-media":"","overlay-type":"","overlay-color":"","overlay-opacity":"","overlay-gradient":""},"tablet":{"background-color":"","background-image":"","background-repeat":"repeat","background-position":"center center","background-size":"auto","background-attachment":"scroll","background-type":"","background-media":"","overlay-type":"","overlay-color":"","overlay-opacity":"","overlay-gradient":""},"mobile":{"background-color":"","background-image":"","background-repeat":"repeat","background-position":"center center","background-size":"auto","background-attachment":"scroll","background-type":"","background-media":"","overlay-type":"","overlay-color":"","overlay-opacity":"","overlay-gradient":""}},"ast-content-background-meta":{"desktop":{"background-color":"var(--ast-global-color-4)","background-image":"","background-repeat":"repeat","background-position":"center center","background-size":"auto","background-attachment":"scroll","background-type":"","background-media":"","overlay-type":"","overlay-color":"","overlay-opacity":"","overlay-gradient":""},"tablet":{"background-color":"var(--ast-global-color-4)","background-image":"","background-repeat":"repeat","background-position":"center center","background-size":"auto","background-attachment":"scroll","background-type":"","background-media":"","overlay-type":"","overlay-color":"","overlay-opacity":"","overlay-gradient":""},"mobile":{"background-color":"var(--ast-global-color-4)","background-image":"","background-repeat":"repeat","background-position":"center center","background-size":"auto","background-attachment":"scroll","background-type":"","background-media":"","overlay-type":"","overlay-color":"","overlay-opacity":"","overlay-gradient":""}},"_joinchat":[]},"product_brand":[],"product_cat":[36],"product_tag":[28],"class_list":{"0":"post-821","1":"product","2":"type-product","3":"status-publish","4":"has-post-thumbnail","6":"product_cat-labrichmond","7":"product_tag-vacunas","8":"desktop-align-left","9":"tablet-align-left","10":"mobile-align-left","12":"first","13":"instock","14":"shipping-taxable","15":"product-type-external"},"aioseo_notices":[],"uagb_featured_image_src":{"full":["https:\/\/importadoracristinateran.com\/wp-content\/uploads\/2025\/04\/Inadrim-Inyectable-50mL-V3.jpg",1000,1000,false],"thumbnail":["https:\/\/importadoracristinateran.com\/wp-content\/uploads\/2025\/04\/Inadrim-Inyectable-50mL-V3-150x150.jpg",150,150,true],"medium":["https:\/\/importadoracristinateran.com\/wp-content\/uploads\/2025\/04\/Inadrim-Inyectable-50mL-V3-300x300.jpg",300,300,true],"medium_large":["https:\/\/importadoracristinateran.com\/wp-content\/uploads\/2025\/04\/Inadrim-Inyectable-50mL-V3-768x768.jpg",768,768,true],"large":["https:\/\/importadoracristinateran.com\/wp-content\/uploads\/2025\/04\/Inadrim-Inyectable-50mL-V3.jpg",1000,1000,false],"1536x1536":["https:\/\/importadoracristinateran.com\/wp-content\/uploads\/2025\/04\/Inadrim-Inyectable-50mL-V3.jpg",1000,1000,false],"2048x2048":["https:\/\/importadoracristinateran.com\/wp-content\/uploads\/2025\/04\/Inadrim-Inyectable-50mL-V3.jpg",1000,1000,false],"woocommerce_thumbnail":["https:\/\/importadoracristinateran.com\/wp-content\/uploads\/2025\/04\/Inadrim-Inyectable-50mL-V3-300x300.jpg",300,300,true],"woocommerce_single":["https:\/\/importadoracristinateran.com\/wp-content\/uploads\/2025\/04\/Inadrim-Inyectable-50mL-V3-600x600.jpg",600,600,true],"woocommerce_gallery_thumbnail":["https:\/\/importadoracristinateran.com\/wp-content\/uploads\/2025\/04\/Inadrim-Inyectable-50mL-V3-100x100.jpg",100,100,true],"dgwt-wcas-product-suggestion":["https:\/\/importadoracristinateran.com\/wp-content\/uploads\/2025\/04\/Inadrim-Inyectable-50mL-V3-64x64.jpg",64,64,true]},"uagb_author_info":{"display_name":"mcris.import@gmail.com","author_link":"https:\/\/importadoracristinateran.com\/?author=0"},"uagb_comment_info":0,"uagb_excerpt":"Tranquilizante neurol\u00e9ptico inyectable a base de maleato de acepromazina para usar en porcinos, equinos, ovinos, bovinos, caninos y felinos. Acepromazina, maleato:\u00a0\u00a0 \u00a01 g. Excipientes c.s.p.:\u00a0\u00a0 \u00a0100 ml. ACCI\u00d3N Tiene una acci\u00f3n sedante por depresi\u00f3n del tallo y de la corteza cerebral. Las respuestas motoras coordinadas del animal no se afectan en forma apreciable. Al utilizarlo&hellip;","_links":{"self":[{"href":"https:\/\/importadoracristinateran.com\/index.php?rest_route=\/wp\/v2\/product\/821","targetHints":{"allow":["GET"]}}],"collection":[{"href":"https:\/\/importadoracristinateran.com\/index.php?rest_route=\/wp\/v2\/product"}],"about":[{"href":"https:\/\/importadoracristinateran.com\/index.php?rest_route=\/wp\/v2\/types\/product"}],"replies":[{"embeddable":true,"href":"https:\/\/importadoracristinateran.com\/index.php?rest_route=%2Fwp%2Fv2%2Fcomments&post=821"}],"wp:featuredmedia":[{"embeddable":true,"href":"https:\/\/importadoracristinateran.com\/index.php?rest_route=\/wp\/v2\/media\/822"}],"wp:attachment":[{"href":"https:\/\/importadoracristinateran.com\/index.php?rest_route=%2Fwp%2Fv2%2Fmedia&parent=821"}],"wp:term":[{"taxonomy":"product_brand","embeddable":true,"href":"https:\/\/importadoracristinateran.com\/index.php?rest_route=%2Fwp%2Fv2%2Fproduct_brand&post=821"},{"taxonomy":"product_cat","embeddable":true,"href":"https:\/\/importadoracristinateran.com\/index.php?rest_route=%2Fwp%2Fv2%2Fproduct_cat&post=821"},{"taxonomy":"product_tag","embeddable":true,"href":"https:\/\/importadoracristinateran.com\/index.php?rest_route=%2Fwp%2Fv2%2Fproduct_tag&post=821"}],"curies":[{"name":"wp","href":"https:\/\/api.w.org\/{rel}","templated":true}]}}