{"id":825,"date":"2025-04-03T01:13:11","date_gmt":"2025-04-03T01:13:11","guid":{"rendered":"https:\/\/importadoracristinateran.com\/?post_type=product&#038;p=825"},"modified":"2025-05-10T00:51:32","modified_gmt":"2025-05-10T00:51:32","slug":"yohimbine-vet-up","status":"publish","type":"product","link":"https:\/\/importadoracristinateran.com\/?product=yohimbine-vet-up","title":{"rendered":"Yohimbine VET UP"},"content":{"rendered":"<p class=\"p3\"><span class=\"s1\"><b>Uso en:\u00a0<\/b><\/span>Perros, Gatos, Caballos, Ciervos y Venados.<\/p>\n<p class=\"p3\"><span class=\"s1\"><b>Administraci\u00f3n:\u00a0<\/b><\/span>Inyectable. V\u00eda EV. Dosis: Perros: 0,1 mg\/Kg; Gatos: 0,5 mg\/Kg; Caballos: 0,075 mg\/Kg; Ciervos y Venados: 0,2\u20130,3 mg\/Kg.<\/p>\n<p class=\"p3\"><span class=\"s1\"><b>Presentaci\u00f3n:\u00a0<\/b><\/span>Viales por 10 mL. Soluci\u00f3n inyectable est\u00e9ril.<\/p>\n","protected":false},"excerpt":{"rendered":"<p class=\"p2\">(Yohimbina Clorhidrato 0,2%)<\/p>\n<p class=\"p3\"><span class=\"s1\"><b>Acci\u00f3n:\u00a0<\/b><\/span>Antagonista espec\u00edfico de los receptores alfa 2 adren\u00e9rgicos.<\/p>\n<p class=\"p3\"><span class=\"s1\"><b>Composici\u00f3n:\u00a0<\/b><\/span>Yohimbina Clorhidrato 0,2 g. Excipiente c.s.p. 100 mL.<\/p>\n<p class=\"p3\"><span class=\"s1\"><b>Indicaciones:\u00a0<\/b><\/span>Reversor espec\u00edfico de los efectos de la Xilacina y Medetomidina \u2013 DETOR. Act\u00faa revirtiendo los efectos de la misma como: bradicardia, depresi\u00f3n respiratoria y meteorismo en rumiantes, logrando una r\u00e1pida recuperaci\u00f3n del animal.<\/p>\n","protected":false},"featured_media":826,"comment_status":"open","ping_status":"closed","template":"","meta":{"_uag_custom_page_level_css":"","site-sidebar-layout":"default","site-content-layout":"","ast-site-content-layout":"default","site-content-style":"default","site-sidebar-style":"default","ast-global-header-display":"","ast-banner-title-visibility":"","ast-main-header-display":"","ast-hfb-above-header-display":"","ast-hfb-below-header-display":"","ast-hfb-mobile-header-display":"","site-post-title":"","ast-breadcrumbs-content":"","ast-featured-img":"","footer-sml-layout":"","theme-transparent-header-meta":"default","adv-header-id-meta":"","stick-header-meta":"","header-above-stick-meta":"","header-main-stick-meta":"","header-below-stick-meta":"","astra-migrate-meta-layouts":"set","ast-page-background-enabled":"default","ast-page-background-meta":{"desktop":{"background-color":"var(--ast-global-color-5)","background-image":"","background-repeat":"repeat","background-position":"center center","background-size":"auto","background-attachment":"scroll","background-type":"","background-media":"","overlay-type":"","overlay-color":"","overlay-opacity":"","overlay-gradient":""},"tablet":{"background-color":"","background-image":"","background-repeat":"repeat","background-position":"center center","background-size":"auto","background-attachment":"scroll","background-type":"","background-media":"","overlay-type":"","overlay-color":"","overlay-opacity":"","overlay-gradient":""},"mobile":{"background-color":"","background-image":"","background-repeat":"repeat","background-position":"center center","background-size":"auto","background-attachment":"scroll","background-type":"","background-media":"","overlay-type":"","overlay-color":"","overlay-opacity":"","overlay-gradient":""}},"ast-content-background-meta":{"desktop":{"background-color":"var(--ast-global-color-4)","background-image":"","background-repeat":"repeat","background-position":"center center","background-size":"auto","background-attachment":"scroll","background-type":"","background-media":"","overlay-type":"","overlay-color":"","overlay-opacity":"","overlay-gradient":""},"tablet":{"background-color":"var(--ast-global-color-4)","background-image":"","background-repeat":"repeat","background-position":"center center","background-size":"auto","background-attachment":"scroll","background-type":"","background-media":"","overlay-type":"","overlay-color":"","overlay-opacity":"","overlay-gradient":""},"mobile":{"background-color":"var(--ast-global-color-4)","background-image":"","background-repeat":"repeat","background-position":"center center","background-size":"auto","background-attachment":"scroll","background-type":"","background-media":"","overlay-type":"","overlay-color":"","overlay-opacity":"","overlay-gradient":""}},"_joinchat":[]},"product_brand":[],"product_cat":[36],"product_tag":[28],"class_list":{"0":"post-825","1":"product","2":"type-product","3":"status-publish","4":"has-post-thumbnail","6":"product_cat-labrichmond","7":"product_tag-vacunas","8":"desktop-align-left","9":"tablet-align-left","10":"mobile-align-left","12":"first","13":"instock","14":"shipping-taxable","15":"product-type-external"},"aioseo_notices":[],"uagb_featured_image_src":{"full":["https:\/\/importadoracristinateran.com\/wp-content\/uploads\/2025\/04\/Render-Yohimbine-10mL-V3.jpg",1000,1000,false],"thumbnail":["https:\/\/importadoracristinateran.com\/wp-content\/uploads\/2025\/04\/Render-Yohimbine-10mL-V3-150x150.jpg",150,150,true],"medium":["https:\/\/importadoracristinateran.com\/wp-content\/uploads\/2025\/04\/Render-Yohimbine-10mL-V3-300x300.jpg",300,300,true],"medium_large":["https:\/\/importadoracristinateran.com\/wp-content\/uploads\/2025\/04\/Render-Yohimbine-10mL-V3-768x768.jpg",768,768,true],"large":["https:\/\/importadoracristinateran.com\/wp-content\/uploads\/2025\/04\/Render-Yohimbine-10mL-V3.jpg",1000,1000,false],"1536x1536":["https:\/\/importadoracristinateran.com\/wp-content\/uploads\/2025\/04\/Render-Yohimbine-10mL-V3.jpg",1000,1000,false],"2048x2048":["https:\/\/importadoracristinateran.com\/wp-content\/uploads\/2025\/04\/Render-Yohimbine-10mL-V3.jpg",1000,1000,false],"woocommerce_thumbnail":["https:\/\/importadoracristinateran.com\/wp-content\/uploads\/2025\/04\/Render-Yohimbine-10mL-V3-300x300.jpg",300,300,true],"woocommerce_single":["https:\/\/importadoracristinateran.com\/wp-content\/uploads\/2025\/04\/Render-Yohimbine-10mL-V3-600x600.jpg",600,600,true],"woocommerce_gallery_thumbnail":["https:\/\/importadoracristinateran.com\/wp-content\/uploads\/2025\/04\/Render-Yohimbine-10mL-V3-100x100.jpg",100,100,true],"dgwt-wcas-product-suggestion":["https:\/\/importadoracristinateran.com\/wp-content\/uploads\/2025\/04\/Render-Yohimbine-10mL-V3-64x64.jpg",64,64,true]},"uagb_author_info":{"display_name":"mcris.import@gmail.com","author_link":"https:\/\/importadoracristinateran.com\/?author=0"},"uagb_comment_info":0,"uagb_excerpt":"(Yohimbina Clorhidrato 0,2%) Acci\u00f3n:\u00a0Antagonista espec\u00edfico de los receptores alfa 2 adren\u00e9rgicos. Composici\u00f3n:\u00a0Yohimbina Clorhidrato 0,2 g. Excipiente c.s.p. 100 mL. Indicaciones:\u00a0Reversor espec\u00edfico de los efectos de la Xilacina y Medetomidina \u2013 DETOR. Act\u00faa revirtiendo los efectos de la misma como: bradicardia, depresi\u00f3n respiratoria y meteorismo en rumiantes, logrando una r\u00e1pida recuperaci\u00f3n del animal.","_links":{"self":[{"href":"https:\/\/importadoracristinateran.com\/index.php?rest_route=\/wp\/v2\/product\/825","targetHints":{"allow":["GET"]}}],"collection":[{"href":"https:\/\/importadoracristinateran.com\/index.php?rest_route=\/wp\/v2\/product"}],"about":[{"href":"https:\/\/importadoracristinateran.com\/index.php?rest_route=\/wp\/v2\/types\/product"}],"replies":[{"embeddable":true,"href":"https:\/\/importadoracristinateran.com\/index.php?rest_route=%2Fwp%2Fv2%2Fcomments&post=825"}],"wp:featuredmedia":[{"embeddable":true,"href":"https:\/\/importadoracristinateran.com\/index.php?rest_route=\/wp\/v2\/media\/826"}],"wp:attachment":[{"href":"https:\/\/importadoracristinateran.com\/index.php?rest_route=%2Fwp%2Fv2%2Fmedia&parent=825"}],"wp:term":[{"taxonomy":"product_brand","embeddable":true,"href":"https:\/\/importadoracristinateran.com\/index.php?rest_route=%2Fwp%2Fv2%2Fproduct_brand&post=825"},{"taxonomy":"product_cat","embeddable":true,"href":"https:\/\/importadoracristinateran.com\/index.php?rest_route=%2Fwp%2Fv2%2Fproduct_cat&post=825"},{"taxonomy":"product_tag","embeddable":true,"href":"https:\/\/importadoracristinateran.com\/index.php?rest_route=%2Fwp%2Fv2%2Fproduct_tag&post=825"}],"curies":[{"name":"wp","href":"https:\/\/api.w.org\/{rel}","templated":true}]}}