{"id":844,"date":"2025-04-03T02:39:11","date_gmt":"2025-04-03T02:39:11","guid":{"rendered":"https:\/\/importadoracristinateran.com\/?post_type=product&#038;p=844"},"modified":"2025-05-10T00:46:44","modified_gmt":"2025-05-10T00:46:44","slug":"pirecort-shampoo","status":"publish","type":"product","link":"https:\/\/importadoracristinateran.com\/?product=pirecort-shampoo","title":{"rendered":"Pirecort Shampoo"},"content":{"rendered":"<p>Shampoo Ectoparasiticida, Antiinflamatorio y Antial\u00e9rgico.<\/p>\n<p>Uso en medicina veterinaria.<br \/>\nVenta Libre en locales con asesoramiento profesional veterinario.<br \/>\nIndustria Argentina.<br \/>\nMantener fuera del alcance de los ni\u00f1os.<br \/>\nConservar entre 15\u00ba y 30\u00baC.<br \/>\nUso en Caninos y Felinos.<br \/>\nAgitese bien antes de usar<\/p>\n<p>F\u00f3rmula: Acetonido de Triamcinolona, 0,10 g; Decametrina, 0,02 g; But\u00f3xido de Piperonilo, 0,12 g; Agentes de formulaci\u00f3n c.s.p. 100 mL.<br \/>\nIndicaciones: Tratamiento de las Ectoparasitosis provocadas por pulgas, piojos y garrapatas.<br \/>\nDosificaci\u00f3n: Cantidad suficiente seg\u00fan el tama\u00f1o del paciente cada 7 d\u00edas. Dejar actuar durante 10 minutos.<br \/>\nContraindicaciones: Usar en animales mayores de 4 meses de edad. En hembras gestantes aumentar el intervalo a 10 d\u00edas.<br \/>\nPrecauciones de uso: Manipular con cuidado. evitar la contaminaci\u00f3n de alimentos.<br \/>\nAlmacenar en un lugar fuera del alcance de los ni\u00f1os. En caso de ingesti\u00f3n accidental provocar el v\u00f3mito con soluci\u00f3n saturada de sal tibia (salmuera). No ingerir. No aspirar. Producto t\u00f3xico para peces<\/p>\n","protected":false},"excerpt":{"rendered":"<p>Shampoo Ectoparasiticida, Antiinflamatorio y Antial\u00e9rgico.<\/p>\n<p>Uso en medicina veterinaria.<br \/>\nVenta Libre en locales con asesoramiento profesional veterinario.<br \/>\nIndustria Argentina.<br \/>\nMantener fuera del alcance de los ni\u00f1os.<br \/>\nConservar entre 15\u00ba y 30\u00baC.<br \/>\nUso en Caninos y Felinos.<br \/>\nAgitese bien antes de usar<\/p>\n","protected":false},"featured_media":845,"comment_status":"open","ping_status":"closed","template":"","meta":{"_uag_custom_page_level_css":"","site-sidebar-layout":"default","site-content-layout":"","ast-site-content-layout":"default","site-content-style":"default","site-sidebar-style":"default","ast-global-header-display":"","ast-banner-title-visibility":"","ast-main-header-display":"","ast-hfb-above-header-display":"","ast-hfb-below-header-display":"","ast-hfb-mobile-header-display":"","site-post-title":"","ast-breadcrumbs-content":"","ast-featured-img":"","footer-sml-layout":"","theme-transparent-header-meta":"default","adv-header-id-meta":"","stick-header-meta":"","header-above-stick-meta":"","header-main-stick-meta":"","header-below-stick-meta":"","astra-migrate-meta-layouts":"set","ast-page-background-enabled":"default","ast-page-background-meta":{"desktop":{"background-color":"var(--ast-global-color-5)","background-image":"","background-repeat":"repeat","background-position":"center center","background-size":"auto","background-attachment":"scroll","background-type":"","background-media":"","overlay-type":"","overlay-color":"","overlay-opacity":"","overlay-gradient":""},"tablet":{"background-color":"","background-image":"","background-repeat":"repeat","background-position":"center center","background-size":"auto","background-attachment":"scroll","background-type":"","background-media":"","overlay-type":"","overlay-color":"","overlay-opacity":"","overlay-gradient":""},"mobile":{"background-color":"","background-image":"","background-repeat":"repeat","background-position":"center center","background-size":"auto","background-attachment":"scroll","background-type":"","background-media":"","overlay-type":"","overlay-color":"","overlay-opacity":"","overlay-gradient":""}},"ast-content-background-meta":{"desktop":{"background-color":"var(--ast-global-color-4)","background-image":"","background-repeat":"repeat","background-position":"center center","background-size":"auto","background-attachment":"scroll","background-type":"","background-media":"","overlay-type":"","overlay-color":"","overlay-opacity":"","overlay-gradient":""},"tablet":{"background-color":"var(--ast-global-color-4)","background-image":"","background-repeat":"repeat","background-position":"center center","background-size":"auto","background-attachment":"scroll","background-type":"","background-media":"","overlay-type":"","overlay-color":"","overlay-opacity":"","overlay-gradient":""},"mobile":{"background-color":"var(--ast-global-color-4)","background-image":"","background-repeat":"repeat","background-position":"center center","background-size":"auto","background-attachment":"scroll","background-type":"","background-media":"","overlay-type":"","overlay-color":"","overlay-opacity":"","overlay-gradient":""}},"_joinchat":[]},"product_brand":[],"product_cat":[17],"product_tag":[84],"class_list":{"0":"post-844","1":"product","2":"type-product","3":"status-publish","4":"has-post-thumbnail","6":"product_cat-labtritonvet","7":"product_tag-shampoo","8":"desktop-align-left","9":"tablet-align-left","10":"mobile-align-left","12":"first","13":"instock","14":"shipping-taxable","15":"product-type-external"},"aioseo_notices":[],"uagb_featured_image_src":{"full":["https:\/\/importadoracristinateran.com\/wp-content\/uploads\/2025\/04\/Pirecort_shampoo.jpg",700,800,false],"thumbnail":["https:\/\/importadoracristinateran.com\/wp-content\/uploads\/2025\/04\/Pirecort_shampoo-150x150.jpg",150,150,true],"medium":["https:\/\/importadoracristinateran.com\/wp-content\/uploads\/2025\/04\/Pirecort_shampoo-263x300.jpg",263,300,true],"medium_large":["https:\/\/importadoracristinateran.com\/wp-content\/uploads\/2025\/04\/Pirecort_shampoo.jpg",700,800,false],"large":["https:\/\/importadoracristinateran.com\/wp-content\/uploads\/2025\/04\/Pirecort_shampoo.jpg",700,800,false],"1536x1536":["https:\/\/importadoracristinateran.com\/wp-content\/uploads\/2025\/04\/Pirecort_shampoo.jpg",700,800,false],"2048x2048":["https:\/\/importadoracristinateran.com\/wp-content\/uploads\/2025\/04\/Pirecort_shampoo.jpg",700,800,false],"woocommerce_thumbnail":["https:\/\/importadoracristinateran.com\/wp-content\/uploads\/2025\/04\/Pirecort_shampoo-300x300.jpg",300,300,true],"woocommerce_single":["https:\/\/importadoracristinateran.com\/wp-content\/uploads\/2025\/04\/Pirecort_shampoo-600x686.jpg",600,686,true],"woocommerce_gallery_thumbnail":["https:\/\/importadoracristinateran.com\/wp-content\/uploads\/2025\/04\/Pirecort_shampoo-100x100.jpg",100,100,true],"dgwt-wcas-product-suggestion":["https:\/\/importadoracristinateran.com\/wp-content\/uploads\/2025\/04\/Pirecort_shampoo-64x73.jpg",64,73,true]},"uagb_author_info":{"display_name":"mcris.import@gmail.com","author_link":"https:\/\/importadoracristinateran.com\/?author=0"},"uagb_comment_info":0,"uagb_excerpt":"Shampoo Ectoparasiticida, Antiinflamatorio y Antial\u00e9rgico. Uso en medicina veterinaria. Venta Libre en locales con asesoramiento profesional veterinario. Industria Argentina. Mantener fuera del alcance de los ni\u00f1os. Conservar entre 15\u00ba y 30\u00baC. Uso en Caninos y Felinos. Agitese bien antes de usar","_links":{"self":[{"href":"https:\/\/importadoracristinateran.com\/index.php?rest_route=\/wp\/v2\/product\/844","targetHints":{"allow":["GET"]}}],"collection":[{"href":"https:\/\/importadoracristinateran.com\/index.php?rest_route=\/wp\/v2\/product"}],"about":[{"href":"https:\/\/importadoracristinateran.com\/index.php?rest_route=\/wp\/v2\/types\/product"}],"replies":[{"embeddable":true,"href":"https:\/\/importadoracristinateran.com\/index.php?rest_route=%2Fwp%2Fv2%2Fcomments&post=844"}],"wp:featuredmedia":[{"embeddable":true,"href":"https:\/\/importadoracristinateran.com\/index.php?rest_route=\/wp\/v2\/media\/845"}],"wp:attachment":[{"href":"https:\/\/importadoracristinateran.com\/index.php?rest_route=%2Fwp%2Fv2%2Fmedia&parent=844"}],"wp:term":[{"taxonomy":"product_brand","embeddable":true,"href":"https:\/\/importadoracristinateran.com\/index.php?rest_route=%2Fwp%2Fv2%2Fproduct_brand&post=844"},{"taxonomy":"product_cat","embeddable":true,"href":"https:\/\/importadoracristinateran.com\/index.php?rest_route=%2Fwp%2Fv2%2Fproduct_cat&post=844"},{"taxonomy":"product_tag","embeddable":true,"href":"https:\/\/importadoracristinateran.com\/index.php?rest_route=%2Fwp%2Fv2%2Fproduct_tag&post=844"}],"curies":[{"name":"wp","href":"https:\/\/api.w.org\/{rel}","templated":true}]}}