{"id":846,"date":"2025-04-03T02:44:58","date_gmt":"2025-04-03T02:44:58","guid":{"rendered":"https:\/\/importadoracristinateran.com\/?post_type=product&#038;p=846"},"modified":"2025-05-10T00:46:30","modified_gmt":"2025-05-10T00:46:30","slug":"tritohexidin-shampoo","status":"publish","type":"product","link":"https:\/\/importadoracristinateran.com\/?product=tritohexidin-shampoo","title":{"rendered":"Tritohexidin Shampoo"},"content":{"rendered":"<p>Uso en Caninos, Felinos, Bovinos, Equinos, Ovinos y Porcinos.<\/p>\n<p>Uso en Medicina Veterinaria<br \/>\nVenta libre en locales con<br \/>\nasesoramiento profesional veterinario.<br \/>\nMantener fuera del alcance de los ni\u00f1os.<br \/>\nAgitar bien antes de usar.<br \/>\nConservar entre 4\u00ba y 35\u00baC<\/p>\n<p><strong>F\u00f3rmula:<\/strong><br \/>\nDigluconato de Clorhexidina al 20% &#8230;&#8230;&#8230; 2,50 g<br \/>\nAgentes de formulaci\u00f3n c.s.p. &#8230;&#8230;&#8230;&#8230;&#8230;.. 100,00 mL<br \/>\nIndicaciones:<br \/>\n&#8211; Desinfecci\u00f3n de heridas<br \/>\n&#8211; Control infecciones por Tricophytum spp, Microsporum spp<br \/>\n(dermatofitosis-ti\u00f1as).<br \/>\n&#8211; Desinfecci\u00f3n del campo quir\u00fargico. Desinfecci\u00f3n de material quir\u00fargico.<br \/>\n&#8211; Tratamiento de Piodermias bacterianas (Grampositivas y\/o<br \/>\nGramnegativas) y f\u00fangicas.<br \/>\n<strong>Precauciones:<\/strong><br \/>\n\u2022 Evitar el uso ambiental con exageradas cantidades de materia org\u00e1nica<br \/>\npresente en la superficie a tratar.<br \/>\n\u2022 En uso ambiental, evitar diluir el producto con aguas duras, ya que<br \/>\ndisminuye su efectividad.<br \/>\n<strong>Dosificaci\u00f3n:<\/strong><br \/>\nDesinfecci\u00f3n de heridas: Topicar con el producto de acuerdo al tama\u00f1o<br \/>\nde la misma, dejar actuar durante al menos 10 a 15 minutos, y realizar<br \/>\nenjuague final.<br \/>\n<strong>Uso ambiental:<\/strong> Aplicar el producto a su concentraci\u00f3n original sobre las<br \/>\nsuperficies inertes, campo quir\u00fargico o manos a desinfectar. Dejar actuar<br \/>\ndurante 10 a 15 minutos, previo cepillado y finalmente enjuagar.<br \/>\nControl de dermatofitosis (ti\u00f1as) o piodermias bacterianas: Mojar el<br \/>\nanimal a tratar, aplicar el producto a su concentraci\u00f3n original de acuerdo<br \/>\nal tama\u00f1o del mismo, cepillar y permitir la formaci\u00f3n de espuma. Dejar<br \/>\nactuar durante 10-20 minutos y enjuagar.<\/p>\n<p><strong>Duraci\u00f3n del tratamiento:<\/strong><br \/>\nDesinfecci\u00f3n de heridas: Hasta la cicatrizaci\u00f3n de la misma.<br \/>\nControl de dermatofitosis (ti\u00f1as): Realizar el tratamiento cada 5-7 d\u00edas,<br \/>\nrepiti\u00e9ndolo hasta remisi\u00f3n de la patolog\u00eda.<br \/>\nTratamiento de piodermias: Ba\u00f1ar al animal cada 24-48 hs al inicio del<br \/>\ntratamiento, e ir aumentando el intervalo de acuerdo al caso cl\u00ednico, o<br \/>\nseg\u00fan mejor criterio profesional.<\/p>\n","protected":false},"excerpt":{"rendered":"<p>Uso en Caninos, Felinos, Bovinos, Equinos, Ovinos y Porcinos.<\/p>\n<p>Uso en Medicina Veterinaria<br \/>\nVenta libre en locales con<br \/>\nasesoramiento profesional veterinario.<br \/>\nMantener fuera del alcance de los ni\u00f1os.<br \/>\nAgitar bien antes de usar.<br \/>\nConservar entre 4\u00ba y 35\u00baC<\/p>\n<p><strong>F\u00f3rmula:<\/strong><br \/>\nDigluconato de Clorhexidina al 20% &#8230;&#8230;&#8230; 2,50 g<br \/>\nAgentes de formulaci\u00f3n c.s.p. &#8230;&#8230;&#8230;&#8230;&#8230;.. 100,00 mL<\/p>\n","protected":false},"featured_media":847,"comment_status":"open","ping_status":"closed","template":"","meta":{"_uag_custom_page_level_css":"","site-sidebar-layout":"default","site-content-layout":"","ast-site-content-layout":"default","site-content-style":"default","site-sidebar-style":"default","ast-global-header-display":"","ast-banner-title-visibility":"","ast-main-header-display":"","ast-hfb-above-header-display":"","ast-hfb-below-header-display":"","ast-hfb-mobile-header-display":"","site-post-title":"","ast-breadcrumbs-content":"","ast-featured-img":"","footer-sml-layout":"","theme-transparent-header-meta":"default","adv-header-id-meta":"","stick-header-meta":"","header-above-stick-meta":"","header-main-stick-meta":"","header-below-stick-meta":"","astra-migrate-meta-layouts":"set","ast-page-background-enabled":"default","ast-page-background-meta":{"desktop":{"background-color":"var(--ast-global-color-5)","background-image":"","background-repeat":"repeat","background-position":"center center","background-size":"auto","background-attachment":"scroll","background-type":"","background-media":"","overlay-type":"","overlay-color":"","overlay-opacity":"","overlay-gradient":""},"tablet":{"background-color":"","background-image":"","background-repeat":"repeat","background-position":"center center","background-size":"auto","background-attachment":"scroll","background-type":"","background-media":"","overlay-type":"","overlay-color":"","overlay-opacity":"","overlay-gradient":""},"mobile":{"background-color":"","background-image":"","background-repeat":"repeat","background-position":"center center","background-size":"auto","background-attachment":"scroll","background-type":"","background-media":"","overlay-type":"","overlay-color":"","overlay-opacity":"","overlay-gradient":""}},"ast-content-background-meta":{"desktop":{"background-color":"var(--ast-global-color-4)","background-image":"","background-repeat":"repeat","background-position":"center center","background-size":"auto","background-attachment":"scroll","background-type":"","background-media":"","overlay-type":"","overlay-color":"","overlay-opacity":"","overlay-gradient":""},"tablet":{"background-color":"var(--ast-global-color-4)","background-image":"","background-repeat":"repeat","background-position":"center center","background-size":"auto","background-attachment":"scroll","background-type":"","background-media":"","overlay-type":"","overlay-color":"","overlay-opacity":"","overlay-gradient":""},"mobile":{"background-color":"var(--ast-global-color-4)","background-image":"","background-repeat":"repeat","background-position":"center center","background-size":"auto","background-attachment":"scroll","background-type":"","background-media":"","overlay-type":"","overlay-color":"","overlay-opacity":"","overlay-gradient":""}},"_joinchat":[]},"product_brand":[],"product_cat":[17],"product_tag":[103],"class_list":{"0":"post-846","1":"product","2":"type-product","3":"status-publish","4":"has-post-thumbnail","6":"product_cat-labtritonvet","7":"product_tag-sahmpoo","8":"desktop-align-left","9":"tablet-align-left","10":"mobile-align-left","12":"first","13":"instock","14":"shipping-taxable","15":"product-type-external"},"aioseo_notices":[],"uagb_featured_image_src":{"full":["https:\/\/importadoracristinateran.com\/wp-content\/uploads\/2025\/04\/Tritohexidin_shampoo.jpg",700,800,false],"thumbnail":["https:\/\/importadoracristinateran.com\/wp-content\/uploads\/2025\/04\/Tritohexidin_shampoo-150x150.jpg",150,150,true],"medium":["https:\/\/importadoracristinateran.com\/wp-content\/uploads\/2025\/04\/Tritohexidin_shampoo-263x300.jpg",263,300,true],"medium_large":["https:\/\/importadoracristinateran.com\/wp-content\/uploads\/2025\/04\/Tritohexidin_shampoo.jpg",700,800,false],"large":["https:\/\/importadoracristinateran.com\/wp-content\/uploads\/2025\/04\/Tritohexidin_shampoo.jpg",700,800,false],"1536x1536":["https:\/\/importadoracristinateran.com\/wp-content\/uploads\/2025\/04\/Tritohexidin_shampoo.jpg",700,800,false],"2048x2048":["https:\/\/importadoracristinateran.com\/wp-content\/uploads\/2025\/04\/Tritohexidin_shampoo.jpg",700,800,false],"woocommerce_thumbnail":["https:\/\/importadoracristinateran.com\/wp-content\/uploads\/2025\/04\/Tritohexidin_shampoo-300x300.jpg",300,300,true],"woocommerce_single":["https:\/\/importadoracristinateran.com\/wp-content\/uploads\/2025\/04\/Tritohexidin_shampoo-600x686.jpg",600,686,true],"woocommerce_gallery_thumbnail":["https:\/\/importadoracristinateran.com\/wp-content\/uploads\/2025\/04\/Tritohexidin_shampoo-100x100.jpg",100,100,true],"dgwt-wcas-product-suggestion":["https:\/\/importadoracristinateran.com\/wp-content\/uploads\/2025\/04\/Tritohexidin_shampoo-64x73.jpg",64,73,true]},"uagb_author_info":{"display_name":"mcris.import@gmail.com","author_link":"https:\/\/importadoracristinateran.com\/?author=0"},"uagb_comment_info":0,"uagb_excerpt":"Uso en Caninos, Felinos, Bovinos, Equinos, Ovinos y Porcinos. Uso en Medicina Veterinaria Venta libre en locales con asesoramiento profesional veterinario. Mantener fuera del alcance de los ni\u00f1os. Agitar bien antes de usar. Conservar entre 4\u00ba y 35\u00baC F\u00f3rmula: Digluconato de Clorhexidina al 20% ......... 2,50 g Agentes de formulaci\u00f3n c.s.p. ................. 100,00 mL","_links":{"self":[{"href":"https:\/\/importadoracristinateran.com\/index.php?rest_route=\/wp\/v2\/product\/846","targetHints":{"allow":["GET"]}}],"collection":[{"href":"https:\/\/importadoracristinateran.com\/index.php?rest_route=\/wp\/v2\/product"}],"about":[{"href":"https:\/\/importadoracristinateran.com\/index.php?rest_route=\/wp\/v2\/types\/product"}],"replies":[{"embeddable":true,"href":"https:\/\/importadoracristinateran.com\/index.php?rest_route=%2Fwp%2Fv2%2Fcomments&post=846"}],"wp:featuredmedia":[{"embeddable":true,"href":"https:\/\/importadoracristinateran.com\/index.php?rest_route=\/wp\/v2\/media\/847"}],"wp:attachment":[{"href":"https:\/\/importadoracristinateran.com\/index.php?rest_route=%2Fwp%2Fv2%2Fmedia&parent=846"}],"wp:term":[{"taxonomy":"product_brand","embeddable":true,"href":"https:\/\/importadoracristinateran.com\/index.php?rest_route=%2Fwp%2Fv2%2Fproduct_brand&post=846"},{"taxonomy":"product_cat","embeddable":true,"href":"https:\/\/importadoracristinateran.com\/index.php?rest_route=%2Fwp%2Fv2%2Fproduct_cat&post=846"},{"taxonomy":"product_tag","embeddable":true,"href":"https:\/\/importadoracristinateran.com\/index.php?rest_route=%2Fwp%2Fv2%2Fproduct_tag&post=846"}],"curies":[{"name":"wp","href":"https:\/\/api.w.org\/{rel}","templated":true}]}}