{"id":926,"date":"2025-04-07T23:00:54","date_gmt":"2025-04-07T23:00:54","guid":{"rendered":"https:\/\/importadoracristinateran.com\/?post_type=product&#038;p=926"},"modified":"2025-05-09T23:27:04","modified_gmt":"2025-05-09T23:27:04","slug":"desinflamic","status":"publish","type":"product","link":"https:\/\/importadoracristinateran.com\/?product=desinflamic","title":{"rendered":"Desinflamic"},"content":{"rendered":"<div class=\"elementor-element elementor-element-5e29f5d7 elementor-widget elementor-widget-woocommerce-product-title elementor-page-title elementor-widget-heading\" data-id=\"5e29f5d7\" data-element_type=\"widget\" data-widget_type=\"woocommerce-product-title.default\">\n<div class=\"elementor-widget-container\">\n<h1 class=\"product_title entry-title elementor-heading-title elementor-size-default\"><\/h1>\n<\/div>\n<\/div>\n<div class=\"elementor-element elementor-element-11bdfaca elementor-widget elementor-widget-woocommerce-product-short-description\" data-id=\"11bdfaca\" data-element_type=\"widget\" data-widget_type=\"woocommerce-product-short-description.default\">\n<div class=\"elementor-widget-container\">\n<div class=\"woocommerce-product-details__short-description\">\n<h3><strong>Antiinflamatorio \u2013 Antirreum\u00e1tico \u2013 Rubefaciente \u2013 Reactivante<\/strong><\/h3>\n<h3><strong>Antipruriginoso \u2013 Calmante<\/strong><\/h3>\n<h3><strong>Gel de uso t\u00f3pico<\/strong><\/h3>\n<p><strong>\u00a0<\/strong><\/p>\n<p><strong>Composici\u00f3n:<\/strong><\/p>\n<p>Cada 100 g. contiene:<\/p>\n<p>Alcanfor 2,0 g.<\/p>\n<p>Mentol 2,5 g.<\/p>\n<p>Salicilato de metilo 5,0 g.<\/p>\n<p>Eucaliptol 1,0 g.<\/p>\n<p>Terpineol 2,0 g.<\/p>\n<p>Excipientes c.s.p. 100,0 g.<\/p>\n<p><strong>Indicaciones:<\/strong><\/p>\n<p>Antiinflamatorio \u2013 Antirreum\u00e1tico \u2013 Rubefaciente \u2013 Reactivante \u2013 Antipruriginoso \u2013 Calmante.<\/p>\n<p>Indicado para el tratamiento local de dolores reum\u00e1ticos, artr\u00edticos, artr\u00f3sicos, musculares,<\/p>\n<p>tendinosos, ligamentosos y articulares, producidos por esfuerzos, esguinces, neuritis, contusiones,<\/p>\n<p>mialgias y neuralgias, hematomas y mastitis. Se aplica antes y despu\u00e9s de ejercicios f\u00edsicos y<\/p>\n<p>entrenamientos en caballos deportivos, caninos y aves de rapi\u00f1a antes y despu\u00e9s de un evento<\/p>\n<p>deportivo. Es eficaz en caso de prurito y urticaria y como madurativo en procesos abscedativos,<\/p>\n<p>tumoraciones y atrofias musculares. Est\u00e1 indicado, tambi\u00e9n para el precalentamiento muscular en<\/p>\n<p>caballos deportivos.<\/p>\n<p>Especies animales a las que se destina:<\/p>\n<p>Equinos, Bovinos, Ovinos, Caprinos, Porcinos, Caninos y Felinos.<\/p>\n<p><strong>Dosificaci\u00f3n:<\/strong><\/p>\n<p>Aplicar una capa abundante sobre la zona afectada y friccionar o masajear para favorecer la mejor penetraci\u00f3n y absorci\u00f3n del producto.<\/p>\n<p>Aplicar una o dos veces por d\u00eda hasta la desaparici\u00f3n del dolor; los procesos cr\u00f3nicos requieren tratamientos m\u00e1s prolongados, los cuales ser\u00e1n indicados por el veterinario actuante.<\/p>\n<\/div>\n<\/div>\n<\/div>\n","protected":false},"excerpt":{"rendered":"<h3><strong>Antiinflamatorio \u2013 Antirreum\u00e1tico \u2013 Rubefaciente \u2013 Reactivante<\/strong><\/h3>\n<h3><strong>Antipruriginoso \u2013 Calmante<\/strong><\/h3>\n<h3><strong>Gel de uso t\u00f3pico<\/strong><\/h3>\n<p><strong>\u00a0<\/strong><\/p>\n<p><strong>Composici\u00f3n:<\/strong><\/p>\n<p>Cada 100 g. contiene:<\/p>\n<p>Alcanfor 2,0 g.<\/p>\n<p>Mentol 2,5 g.<\/p>\n<p>Salicilato de metilo 5,0 g.<\/p>\n<p>Eucaliptol 1,0 g.<\/p>\n<p>Terpineol 2,0 g.<\/p>\n<p>Excipientes c.s.p. 100,0 g.<\/p>\n","protected":false},"featured_media":927,"comment_status":"open","ping_status":"closed","template":"","meta":{"_uag_custom_page_level_css":"","site-sidebar-layout":"default","site-content-layout":"","ast-site-content-layout":"default","site-content-style":"default","site-sidebar-style":"default","ast-global-header-display":"","ast-banner-title-visibility":"","ast-main-header-display":"","ast-hfb-above-header-display":"","ast-hfb-below-header-display":"","ast-hfb-mobile-header-display":"","site-post-title":"","ast-breadcrumbs-content":"","ast-featured-img":"","footer-sml-layout":"","theme-transparent-header-meta":"default","adv-header-id-meta":"","stick-header-meta":"","header-above-stick-meta":"","header-main-stick-meta":"","header-below-stick-meta":"","astra-migrate-meta-layouts":"set","ast-page-background-enabled":"default","ast-page-background-meta":{"desktop":{"background-color":"var(--ast-global-color-5)","background-image":"","background-repeat":"repeat","background-position":"center center","background-size":"auto","background-attachment":"scroll","background-type":"","background-media":"","overlay-type":"","overlay-color":"","overlay-opacity":"","overlay-gradient":""},"tablet":{"background-color":"","background-image":"","background-repeat":"repeat","background-position":"center center","background-size":"auto","background-attachment":"scroll","background-type":"","background-media":"","overlay-type":"","overlay-color":"","overlay-opacity":"","overlay-gradient":""},"mobile":{"background-color":"","background-image":"","background-repeat":"repeat","background-position":"center center","background-size":"auto","background-attachment":"scroll","background-type":"","background-media":"","overlay-type":"","overlay-color":"","overlay-opacity":"","overlay-gradient":""}},"ast-content-background-meta":{"desktop":{"background-color":"var(--ast-global-color-4)","background-image":"","background-repeat":"repeat","background-position":"center center","background-size":"auto","background-attachment":"scroll","background-type":"","background-media":"","overlay-type":"","overlay-color":"","overlay-opacity":"","overlay-gradient":""},"tablet":{"background-color":"var(--ast-global-color-4)","background-image":"","background-repeat":"repeat","background-position":"center center","background-size":"auto","background-attachment":"scroll","background-type":"","background-media":"","overlay-type":"","overlay-color":"","overlay-opacity":"","overlay-gradient":""},"mobile":{"background-color":"var(--ast-global-color-4)","background-image":"","background-repeat":"repeat","background-position":"center center","background-size":"auto","background-attachment":"scroll","background-type":"","background-media":"","overlay-type":"","overlay-color":"","overlay-opacity":"","overlay-gradient":""}},"_joinchat":[]},"product_brand":[],"product_cat":[58],"product_tag":[89],"class_list":{"0":"post-926","1":"product","2":"type-product","3":"status-publish","4":"has-post-thumbnail","6":"product_cat-labmicrosules","7":"product_tag-gel","8":"desktop-align-left","9":"tablet-align-left","10":"mobile-align-left","12":"first","13":"instock","14":"shipping-taxable","15":"product-type-external"},"aioseo_notices":[],"uagb_featured_image_src":{"full":["https:\/\/importadoracristinateran.com\/wp-content\/uploads\/2025\/04\/desinflamic.jpg",700,700,false],"thumbnail":["https:\/\/importadoracristinateran.com\/wp-content\/uploads\/2025\/04\/desinflamic-150x150.jpg",150,150,true],"medium":["https:\/\/importadoracristinateran.com\/wp-content\/uploads\/2025\/04\/desinflamic-300x300.jpg",300,300,true],"medium_large":["https:\/\/importadoracristinateran.com\/wp-content\/uploads\/2025\/04\/desinflamic.jpg",700,700,false],"large":["https:\/\/importadoracristinateran.com\/wp-content\/uploads\/2025\/04\/desinflamic.jpg",700,700,false],"1536x1536":["https:\/\/importadoracristinateran.com\/wp-content\/uploads\/2025\/04\/desinflamic.jpg",700,700,false],"2048x2048":["https:\/\/importadoracristinateran.com\/wp-content\/uploads\/2025\/04\/desinflamic.jpg",700,700,false],"woocommerce_thumbnail":["https:\/\/importadoracristinateran.com\/wp-content\/uploads\/2025\/04\/desinflamic-300x300.jpg",300,300,true],"woocommerce_single":["https:\/\/importadoracristinateran.com\/wp-content\/uploads\/2025\/04\/desinflamic-600x600.jpg",600,600,true],"woocommerce_gallery_thumbnail":["https:\/\/importadoracristinateran.com\/wp-content\/uploads\/2025\/04\/desinflamic-100x100.jpg",100,100,true],"dgwt-wcas-product-suggestion":["https:\/\/importadoracristinateran.com\/wp-content\/uploads\/2025\/04\/desinflamic-64x64.jpg",64,64,true]},"uagb_author_info":{"display_name":"mcris.import@gmail.com","author_link":"https:\/\/importadoracristinateran.com\/?author=0"},"uagb_comment_info":0,"uagb_excerpt":"Antiinflamatorio \u2013 Antirreum\u00e1tico \u2013 Rubefaciente \u2013 Reactivante Antipruriginoso \u2013 Calmante Gel de uso t\u00f3pico \u00a0 Composici\u00f3n: Cada 100 g. contiene: Alcanfor 2,0 g. Mentol 2,5 g. Salicilato de metilo 5,0 g. Eucaliptol 1,0 g. Terpineol 2,0 g. Excipientes c.s.p. 100,0 g.","_links":{"self":[{"href":"https:\/\/importadoracristinateran.com\/index.php?rest_route=\/wp\/v2\/product\/926","targetHints":{"allow":["GET"]}}],"collection":[{"href":"https:\/\/importadoracristinateran.com\/index.php?rest_route=\/wp\/v2\/product"}],"about":[{"href":"https:\/\/importadoracristinateran.com\/index.php?rest_route=\/wp\/v2\/types\/product"}],"replies":[{"embeddable":true,"href":"https:\/\/importadoracristinateran.com\/index.php?rest_route=%2Fwp%2Fv2%2Fcomments&post=926"}],"wp:featuredmedia":[{"embeddable":true,"href":"https:\/\/importadoracristinateran.com\/index.php?rest_route=\/wp\/v2\/media\/927"}],"wp:attachment":[{"href":"https:\/\/importadoracristinateran.com\/index.php?rest_route=%2Fwp%2Fv2%2Fmedia&parent=926"}],"wp:term":[{"taxonomy":"product_brand","embeddable":true,"href":"https:\/\/importadoracristinateran.com\/index.php?rest_route=%2Fwp%2Fv2%2Fproduct_brand&post=926"},{"taxonomy":"product_cat","embeddable":true,"href":"https:\/\/importadoracristinateran.com\/index.php?rest_route=%2Fwp%2Fv2%2Fproduct_cat&post=926"},{"taxonomy":"product_tag","embeddable":true,"href":"https:\/\/importadoracristinateran.com\/index.php?rest_route=%2Fwp%2Fv2%2Fproduct_tag&post=926"}],"curies":[{"name":"wp","href":"https:\/\/api.w.org\/{rel}","templated":true}]}}