{"id":949,"date":"2025-04-08T00:46:06","date_gmt":"2025-04-08T00:46:06","guid":{"rendered":"https:\/\/importadoracristinateran.com\/?post_type=product&#038;p=949"},"modified":"2025-05-06T16:47:29","modified_gmt":"2025-05-06T16:47:29","slug":"prednisolona-comprimidos-microsules","status":"publish","type":"product","link":"https:\/\/importadoracristinateran.com\/?product=prednisolona-comprimidos-microsules","title":{"rendered":"Prednisolona comprimidos Microsules"},"content":{"rendered":"<p><strong>Composici\u00f3n:<\/strong><\/p>\n<p>Cada comprimido contiene:<\/p>\n<p>Prednisolona base 20,0 mg<\/p>\n<p>Excipientes c.s.p. 1 comprimido<\/p>\n<p><strong>Indicaciones:<\/strong><\/p>\n<p>PREDNISOLONA COMPRIMIDOS MICROSULES contiene un potente corticoesteroide, con actividad predominantemente glucocorticoide que est\u00e1 indicado como tratamiento adyuvante en artritis, patolog\u00edas cr\u00f3nicas respiratorias, hepatopat\u00edas, dermatosis al\u00e9rgicas, procesos oncol\u00f3gicos, procesos autoinmunes como p\u00e9nfigo y otros procesos inflamatorios en gatos y perros.<\/p>\n<p><strong>V\u00eda de administraci\u00f3n y dosis:<\/strong><\/p>\n<p>V\u00eda de administraci\u00f3n oral. Se recomienda una dosis en gatos 1 \u2013 2 mg\/kg y en perros 0,5 \u2013 1 mg\/kg., una o dos veces al d\u00eda La dosis deber\u00eda ser indicada para cada paciente de acuerdo a la severidad de los signos, la duraci\u00f3n del tratamiento que se pretende y la tolerancia del individuo a la posibilidad de exceso. En casos cr\u00f3nicos, se deber\u00e1 emplear la dosis m\u00e1s baja que ayude a mejorar la condici\u00f3n y se aconseja no interrumpir abruptamente el tratamiento. En casos donde son necesarias dosis altas, hacer seguimiento del paciente por la aparici\u00f3n de efectos secundarios como polidipsia y poliuria, para as\u00ed disminuir la dosis o discontinuar el tratamiento. Es importante que el Profesional tenga en cuenta que cuando el producto se administre una vez al d\u00eda sea, de ser posible, en gatos entre las 22 \u2013 24 hs y en perros entre 7 \u2013 10 de la ma\u00f1ana para no interferir con el ritmo biol\u00f3gico hormonal.<\/p>\n<p>Dosis orientativas:<\/p>\n<p>*Uso antinflamatorio o antial\u00e9rgico, perros 0,5 \u2013 1 mg\/kg y 1 \u2013 2 mg\/kg de peso en gatos cada 12 o 24 horas, en terapias prolongadas reducir la dosis gradualmente y administrar cada 48 horas.<\/p>\n<p>Equivale en perros \u00bc \u2013 \u00bd comp.\/10 kg de peso y en gatos \u00bc \u2013 \u00bd comp.\/ 5 kg de peso.<\/p>\n<p>*Uso inmunosupresor, 2,2 \u2013 3,3 mg\/kg\/d\u00eda durante dos d\u00edas y luego 2 \u2013 4 mg\/kg administrada cada 48 horas.<\/p>\n<p>Equivale a 1 \u2013 11\/2 comp.\/10 kg durante 2 d\u00edas y luego 1 \u2013 2 comp.\/10 kg cada 48 horas.<\/p>\n<p>Trastornos gastrointestinales como colitis ulcerativa 1 \u2013 2 mg\/kg\/d\u00eda\/7 \u2013 10 d\u00edas, gradualmente disminuir la dosis en las siguientes 2 a 3 semanas hasta lograr una dosis m\u00ednima que controle los signos.<\/p>\n<p>*Terapia de reemplazo, 0,1 a 0,2 mg\/kg\/d\u00eda.<\/p>\n<p><strong>Precauciones:<\/strong><\/p>\n<p>Utilizar con precauci\u00f3n en caso de enfermedades infecciosas, sarna demod\u00e9ctica, \u00falceras gastrointestinales, diabetes mellitus, glaucoma, insuficiencia renal o hep\u00e1tica. No se recomienda su uso en caso de infecciones f\u00fangicas sist\u00e9micas. Dosis altas por tiempos prolongados puede producir disminuci\u00f3n de la funci\u00f3n adrenocortical y puede determinar atrofia adrenal. En perros la polidipsia, poliuria y polifagia tambi\u00e9n se ha visto en terapias de corta duraci\u00f3n o con d\u00edas alternos (cada 48 horas) de dosificaci\u00f3n Los efectos adversos est\u00e1n generalmente asociados a terapias de larga duraci\u00f3n especialmente con dosis altas o dosis diarias. Son poco comunes en las terapias antinflamatorias. Los signos son similares a los del hiperadrenocorticalismo. Estos efectos son m\u00e1s comunes y severos en terapias inmunosupresivas. En pacientes que se les suministra junto con Anfotericina B o diur\u00e9ticos que movilizan el K, puede ocurrir hipokalemia. Administrados Junto con gluc\u00f3sidos digit\u00e1licos aumenta la posibilidad de intoxicaci\u00f3n por digit\u00e1licos. Los requerimientos de insulina pueden verse incrementados cuando hay una terapia con glucocorticoides.<\/p>\n<p><strong>Composici\u00f3n:<\/strong><\/p>\n<p>Cada comprimido contiene:<\/p>\n<p>Prednisolona base 20,0 mg<\/p>\n<p>Excipientes c.s.p. 1 comprimido<\/p>\n<p><strong>Indicaciones:<\/strong><\/p>\n<p>PREDNISOLONA COMPRIMIDOS MICROSULES contiene un potente corticoesteroide, con actividad predominantemente glucocorticoide que est\u00e1 indicado como tratamiento adyuvante en artritis, patolog\u00edas cr\u00f3nicas respiratorias, hepatopat\u00edas, dermatosis al\u00e9rgicas, procesos oncol\u00f3gicos, procesos autoinmunes como p\u00e9nfigo y otros procesos inflamatorios en gatos y perros.<\/p>\n<p><strong>V\u00eda de administraci\u00f3n y dosis:<\/strong><\/p>\n<p>V\u00eda de administraci\u00f3n oral. Se recomienda una dosis en gatos 1 \u2013 2 mg\/kg y en perros 0,5 \u2013 1 mg\/kg., una o dos veces al d\u00eda La dosis deber\u00eda ser indicada para cada paciente de acuerdo a la severidad de los signos, la duraci\u00f3n del tratamiento que se pretende y la tolerancia del individuo a la posibilidad de exceso. En casos cr\u00f3nicos, se deber\u00e1 emplear la dosis m\u00e1s baja que ayude a mejorar la condici\u00f3n y se aconseja no interrumpir abruptamente el tratamiento. En casos donde son necesarias dosis altas, hacer seguimiento del paciente por la aparici\u00f3n de efectos secundarios como polidipsia y poliuria, para as\u00ed disminuir la dosis o discontinuar el tratamiento. Es importante que el Profesional tenga en cuenta que cuando el producto se administre una vez al d\u00eda sea, de ser posible, en gatos entre las 22 \u2013 24 hs y en perros entre 7 \u2013 10 de la ma\u00f1ana para no interferir con el ritmo biol\u00f3gico hormonal.<\/p>\n<p>Dosis orientativas:<\/p>\n<p>*Uso antinflamatorio o antial\u00e9rgico, perros 0,5 \u2013 1 mg\/kg y 1 \u2013 2 mg\/kg de peso en gatos cada 12 o 24 horas, en terapias prolongadas reducir la dosis gradualmente y administrar cada 48 horas.<\/p>\n<p>Equivale en perros \u00bc \u2013 \u00bd comp.\/10 kg de peso y en gatos \u00bc \u2013 \u00bd comp.\/ 5 kg de peso.<\/p>\n<p>*Uso inmunosupresor, 2,2 \u2013 3,3 mg\/kg\/d\u00eda durante dos d\u00edas y luego 2 \u2013 4 mg\/kg administrada cada 48 horas.<\/p>\n<p>Equivale a 1 \u2013 11\/2 comp.\/10 kg durante 2 d\u00edas y luego 1 \u2013 2 comp.\/10 kg cada 48 horas.<\/p>\n<p>Trastornos gastrointestinales como colitis ulcerativa 1 \u2013 2 mg\/kg\/d\u00eda\/7 \u2013 10 d\u00edas, gradualmente disminuir la dosis en las siguientes 2 a 3 semanas hasta lograr una dosis m\u00ednima que controle los signos.<\/p>\n<p>*Terapia de reemplazo, 0,1 a 0,2 mg\/kg\/d\u00eda.<\/p>\n<p><strong>Precauciones:<\/strong><\/p>\n<p>Utilizar con precauci\u00f3n en caso de enfermedades infecciosas, sarna demod\u00e9ctica, \u00falceras gastrointestinales, diabetes mellitus, glaucoma, insuficiencia renal o hep\u00e1tica. No se recomienda su uso en caso de infecciones f\u00fangicas sist\u00e9micas. Dosis altas por tiempos prolongados puede producir disminuci\u00f3n de la funci\u00f3n adrenocortical y puede determinar atrofia adrenal. En perros la polidipsia, poliuria y polifagia tambi\u00e9n se ha visto en terapias de corta duraci\u00f3n o con d\u00edas alternos (cada 48 horas) de dosificaci\u00f3n Los efectos adversos est\u00e1n generalmente asociados a terapias de larga duraci\u00f3n especialmente con dosis altas o dosis diarias. Son poco comunes en las terapias antinflamatorias. Los signos son similares a los del hiperadrenocorticalismo. Estos efectos son m\u00e1s comunes y severos en terapias inmunosupresivas. En pacientes que se les suministra junto con Anfotericina B o diur\u00e9ticos que movilizan el K, puede ocurrir hipokalemia. Administrados Junto con gluc\u00f3sidos digit\u00e1licos aumenta la posibilidad de intoxicaci\u00f3n por digit\u00e1licos. Los requerimientos de insulina pueden verse incrementados cuando hay una terapia con glucocorticoides.<\/p>\n","protected":false},"excerpt":{"rendered":"<p><strong>Composici\u00f3n:<\/strong><\/p>\n<p>Cada comprimido contiene:<\/p>\n<p>Prednisolona base 20,0 mg<\/p>\n<p>Excipientes c.s.p. 1 comprimido<\/p>\n<p><strong>Indicaciones:<\/strong><\/p>\n<p>PREDNISOLONA COMPRIMIDOS MICROSULES contiene un potente corticoesteroide, con actividad predominantemente glucocorticoide que est\u00e1 indicado como tratamiento adyuvante en artritis, patolog\u00edas cr\u00f3nicas respiratorias, hepatopat\u00edas, dermatosis al\u00e9rgicas, procesos oncol\u00f3gicos, procesos autoinmunes como p\u00e9nfigo y otros procesos inflamatorios en gatos y perros.<\/p>\n","protected":false},"featured_media":950,"comment_status":"open","ping_status":"closed","template":"","meta":{"_uag_custom_page_level_css":"","site-sidebar-layout":"default","site-content-layout":"","ast-site-content-layout":"default","site-content-style":"default","site-sidebar-style":"default","ast-global-header-display":"","ast-banner-title-visibility":"","ast-main-header-display":"","ast-hfb-above-header-display":"","ast-hfb-below-header-display":"","ast-hfb-mobile-header-display":"","site-post-title":"","ast-breadcrumbs-content":"","ast-featured-img":"","footer-sml-layout":"","theme-transparent-header-meta":"default","adv-header-id-meta":"","stick-header-meta":"","header-above-stick-meta":"","header-main-stick-meta":"","header-below-stick-meta":"","astra-migrate-meta-layouts":"set","ast-page-background-enabled":"default","ast-page-background-meta":{"desktop":{"background-color":"var(--ast-global-color-5)","background-image":"","background-repeat":"repeat","background-position":"center center","background-size":"auto","background-attachment":"scroll","background-type":"","background-media":"","overlay-type":"","overlay-color":"","overlay-opacity":"","overlay-gradient":""},"tablet":{"background-color":"","background-image":"","background-repeat":"repeat","background-position":"center center","background-size":"auto","background-attachment":"scroll","background-type":"","background-media":"","overlay-type":"","overlay-color":"","overlay-opacity":"","overlay-gradient":""},"mobile":{"background-color":"","background-image":"","background-repeat":"repeat","background-position":"center center","background-size":"auto","background-attachment":"scroll","background-type":"","background-media":"","overlay-type":"","overlay-color":"","overlay-opacity":"","overlay-gradient":""}},"ast-content-background-meta":{"desktop":{"background-color":"var(--ast-global-color-4)","background-image":"","background-repeat":"repeat","background-position":"center center","background-size":"auto","background-attachment":"scroll","background-type":"","background-media":"","overlay-type":"","overlay-color":"","overlay-opacity":"","overlay-gradient":""},"tablet":{"background-color":"var(--ast-global-color-4)","background-image":"","background-repeat":"repeat","background-position":"center center","background-size":"auto","background-attachment":"scroll","background-type":"","background-media":"","overlay-type":"","overlay-color":"","overlay-opacity":"","overlay-gradient":""},"mobile":{"background-color":"var(--ast-global-color-4)","background-image":"","background-repeat":"repeat","background-position":"center center","background-size":"auto","background-attachment":"scroll","background-type":"","background-media":"","overlay-type":"","overlay-color":"","overlay-opacity":"","overlay-gradient":""}},"_joinchat":[]},"product_brand":[],"product_cat":[58],"product_tag":[95],"class_list":{"0":"post-949","1":"product","2":"type-product","3":"status-publish","4":"has-post-thumbnail","6":"product_cat-labmicrosules","7":"product_tag-comprimidos","8":"desktop-align-left","9":"tablet-align-left","10":"mobile-align-left","12":"first","13":"instock","14":"shipping-taxable","15":"product-type-external"},"aioseo_notices":[],"uagb_featured_image_src":{"full":["https:\/\/importadoracristinateran.com\/wp-content\/uploads\/2025\/04\/prednisolona-1.jpg",1200,1200,false],"thumbnail":["https:\/\/importadoracristinateran.com\/wp-content\/uploads\/2025\/04\/prednisolona-1-150x150.jpg",150,150,true],"medium":["https:\/\/importadoracristinateran.com\/wp-content\/uploads\/2025\/04\/prednisolona-1-300x300.jpg",300,300,true],"medium_large":["https:\/\/importadoracristinateran.com\/wp-content\/uploads\/2025\/04\/prednisolona-1-768x768.jpg",768,768,true],"large":["https:\/\/importadoracristinateran.com\/wp-content\/uploads\/2025\/04\/prednisolona-1-1024x1024.jpg",1024,1024,true],"1536x1536":["https:\/\/importadoracristinateran.com\/wp-content\/uploads\/2025\/04\/prednisolona-1.jpg",1200,1200,false],"2048x2048":["https:\/\/importadoracristinateran.com\/wp-content\/uploads\/2025\/04\/prednisolona-1.jpg",1200,1200,false],"woocommerce_thumbnail":["https:\/\/importadoracristinateran.com\/wp-content\/uploads\/2025\/04\/prednisolona-1-300x300.jpg",300,300,true],"woocommerce_single":["https:\/\/importadoracristinateran.com\/wp-content\/uploads\/2025\/04\/prednisolona-1-600x600.jpg",600,600,true],"woocommerce_gallery_thumbnail":["https:\/\/importadoracristinateran.com\/wp-content\/uploads\/2025\/04\/prednisolona-1-100x100.jpg",100,100,true],"dgwt-wcas-product-suggestion":["https:\/\/importadoracristinateran.com\/wp-content\/uploads\/2025\/04\/prednisolona-1-64x64.jpg",64,64,true]},"uagb_author_info":{"display_name":"mcris.import@gmail.com","author_link":"https:\/\/importadoracristinateran.com\/?author=0"},"uagb_comment_info":0,"uagb_excerpt":"Composici\u00f3n: Cada comprimido contiene: Prednisolona base 20,0 mg Excipientes c.s.p. 1 comprimido Indicaciones: PREDNISOLONA COMPRIMIDOS MICROSULES contiene un potente corticoesteroide, con actividad predominantemente glucocorticoide que est\u00e1 indicado como tratamiento adyuvante en artritis, patolog\u00edas cr\u00f3nicas respiratorias, hepatopat\u00edas, dermatosis al\u00e9rgicas, procesos oncol\u00f3gicos, procesos autoinmunes como p\u00e9nfigo y otros procesos inflamatorios en gatos y perros.","_links":{"self":[{"href":"https:\/\/importadoracristinateran.com\/index.php?rest_route=\/wp\/v2\/product\/949","targetHints":{"allow":["GET"]}}],"collection":[{"href":"https:\/\/importadoracristinateran.com\/index.php?rest_route=\/wp\/v2\/product"}],"about":[{"href":"https:\/\/importadoracristinateran.com\/index.php?rest_route=\/wp\/v2\/types\/product"}],"replies":[{"embeddable":true,"href":"https:\/\/importadoracristinateran.com\/index.php?rest_route=%2Fwp%2Fv2%2Fcomments&post=949"}],"wp:featuredmedia":[{"embeddable":true,"href":"https:\/\/importadoracristinateran.com\/index.php?rest_route=\/wp\/v2\/media\/950"}],"wp:attachment":[{"href":"https:\/\/importadoracristinateran.com\/index.php?rest_route=%2Fwp%2Fv2%2Fmedia&parent=949"}],"wp:term":[{"taxonomy":"product_brand","embeddable":true,"href":"https:\/\/importadoracristinateran.com\/index.php?rest_route=%2Fwp%2Fv2%2Fproduct_brand&post=949"},{"taxonomy":"product_cat","embeddable":true,"href":"https:\/\/importadoracristinateran.com\/index.php?rest_route=%2Fwp%2Fv2%2Fproduct_cat&post=949"},{"taxonomy":"product_tag","embeddable":true,"href":"https:\/\/importadoracristinateran.com\/index.php?rest_route=%2Fwp%2Fv2%2Fproduct_tag&post=949"}],"curies":[{"name":"wp","href":"https:\/\/api.w.org\/{rel}","templated":true}]}}