{"id":979,"date":"2025-04-10T00:51:42","date_gmt":"2025-04-10T00:51:42","guid":{"rendered":"https:\/\/importadoracristinateran.com\/?post_type=product&#038;p=979"},"modified":"2025-04-14T20:18:47","modified_gmt":"2025-04-14T20:18:47","slug":"osteocart-plus","status":"publish","type":"product","link":"https:\/\/importadoracristinateran.com\/?product=osteocart-plus","title":{"rendered":"Osteocart Plus"},"content":{"rendered":"<section>\n<article class=\"hentry product-info\">\n<div class=\"entry-content container\">\n<div class=\"row\">\n<div class=\"col-md-5 col-md-offset-1 col-sm-7\">\n<h3>Indicaciones:<\/h3>\n<ul>\n<li>Osteoartritis, artritis, artropat\u00edas degenerativas, osteocondritis, osteocondrosis, discoespondilosis.<\/li>\n<li>Cachorros de razas de r\u00e1pido crecimiento.<\/li>\n<li>Razas condrodistr\u00f3ficas.<\/li>\n<li>Correcci\u00f3n de aplomos.<\/li>\n<li>Fortalecimiento de cart\u00edlago auricular.<\/li>\n<li>Pre y postquir\u00fargicos de cirug\u00edas traumatol\u00f3gicas.<\/li>\n<li>Animales con alta exigencia f\u00edsica.<\/li>\n<li>Terapias de manejo del dolor articular, a fin minimizar la necesidad de otros f\u00e1rmacos (aines, esteroides u opi\u00e1ceos).<\/li>\n<li>Puede ser indicado en cualquier etapa de la vida. La edad de inicio y duraci\u00f3n del tratamiento ser\u00e1 de acuerdo al criterio del profesional.<\/li>\n<\/ul>\n<h3>Dosis y V\u00edas de administraci\u00f3n:<\/h3>\n<p>En perros y gatos de hasta 10 Kg de peso\u00a0<span class=\"red\">\u203a<\/span>&gt; \u00bd comprimido d\u00eda, v\u00eda oral<br \/>\nEn perros hasta 25 Kg de peso\u00a0<span class=\"red\">\u203a<\/span>\u00a01 comprimido d\u00eda, v\u00eda oral.<br \/>\nEn perros de m\u00e1s de 25 Kg de peso\u00a0<span class=\"red\">\u203a<\/span>\u00a02 comprimidos d\u00eda, v\u00eda oral.<\/p>\n<\/div>\n<div class=\"col-md-4 col-md-offset-1 col-sm-5 pack\">\n<dl class=\"availability\">\n<dt>Esta presentaci\u00f3n corresponde al portfolio Global, puede variar de acuerdo a tu pa\u00eds de residencia.<\/dt>\n<\/dl>\n<\/div>\n<\/div>\n<div class=\"row\"><\/div>\n<\/div>\n<\/article>\n<\/section>\n<footer class=\"main-footer\">\n<div class=\"container\">\n<div class=\"row\">\n<div class=\"col-sm-6 col-md-4 white-border\"><\/div>\n<\/div>\n<\/div>\n<\/footer>\n","protected":false},"excerpt":{"rendered":"<p>Osteocart Plus, regenerador osteoarticular cuya formulaci\u00f3n, integrada por Glucosamina, pool de amino\u00e1cidos, vitaminas y minerales, estimula el anabolismo, contribuye a la formaci\u00f3n de cart\u00edlagos, tendones, ligamentos, m\u00fasculos y huesos. Con propiedades antiinflamatorias y analg\u00e9sicas.<\/p>\n","protected":false},"featured_media":1004,"comment_status":"open","ping_status":"closed","template":"","meta":{"_uag_custom_page_level_css":"","site-sidebar-layout":"default","site-content-layout":"","ast-site-content-layout":"default","site-content-style":"default","site-sidebar-style":"default","ast-global-header-display":"","ast-banner-title-visibility":"","ast-main-header-display":"","ast-hfb-above-header-display":"","ast-hfb-below-header-display":"","ast-hfb-mobile-header-display":"","site-post-title":"","ast-breadcrumbs-content":"","ast-featured-img":"","footer-sml-layout":"","theme-transparent-header-meta":"default","adv-header-id-meta":"","stick-header-meta":"","header-above-stick-meta":"","header-main-stick-meta":"","header-below-stick-meta":"","astra-migrate-meta-layouts":"set","ast-page-background-enabled":"default","ast-page-background-meta":{"desktop":{"background-color":"var(--ast-global-color-5)","background-image":"","background-repeat":"repeat","background-position":"center center","background-size":"auto","background-attachment":"scroll","background-type":"","background-media":"","overlay-type":"","overlay-color":"","overlay-opacity":"","overlay-gradient":""},"tablet":{"background-color":"","background-image":"","background-repeat":"repeat","background-position":"center center","background-size":"auto","background-attachment":"scroll","background-type":"","background-media":"","overlay-type":"","overlay-color":"","overlay-opacity":"","overlay-gradient":""},"mobile":{"background-color":"","background-image":"","background-repeat":"repeat","background-position":"center center","background-size":"auto","background-attachment":"scroll","background-type":"","background-media":"","overlay-type":"","overlay-color":"","overlay-opacity":"","overlay-gradient":""}},"ast-content-background-meta":{"desktop":{"background-color":"var(--ast-global-color-4)","background-image":"","background-repeat":"repeat","background-position":"center center","background-size":"auto","background-attachment":"scroll","background-type":"","background-media":"","overlay-type":"","overlay-color":"","overlay-opacity":"","overlay-gradient":""},"tablet":{"background-color":"var(--ast-global-color-4)","background-image":"","background-repeat":"repeat","background-position":"center center","background-size":"auto","background-attachment":"scroll","background-type":"","background-media":"","overlay-type":"","overlay-color":"","overlay-opacity":"","overlay-gradient":""},"mobile":{"background-color":"var(--ast-global-color-4)","background-image":"","background-repeat":"repeat","background-position":"center center","background-size":"auto","background-attachment":"scroll","background-type":"","background-media":"","overlay-type":"","overlay-color":"","overlay-opacity":"","overlay-gradient":""}},"_joinchat":[]},"product_brand":[],"product_cat":[90],"product_tag":[],"class_list":{"0":"post-979","1":"product","2":"type-product","3":"status-publish","4":"has-post-thumbnail","6":"product_cat-lab-labyes","7":"desktop-align-left","8":"tablet-align-left","9":"mobile-align-left","11":"first","12":"instock","13":"shipping-taxable","14":"product-type-external"},"aioseo_notices":[],"uagb_featured_image_src":{"full":["https:\/\/importadoracristinateran.com\/wp-content\/uploads\/2025\/04\/osteocart_esp_x30_300dpi_logo2019ARG_web-1.jpg",1080,1080,false],"thumbnail":["https:\/\/importadoracristinateran.com\/wp-content\/uploads\/2025\/04\/osteocart_esp_x30_300dpi_logo2019ARG_web-1-150x150.jpg",150,150,true],"medium":["https:\/\/importadoracristinateran.com\/wp-content\/uploads\/2025\/04\/osteocart_esp_x30_300dpi_logo2019ARG_web-1-300x300.jpg",300,300,true],"medium_large":["https:\/\/importadoracristinateran.com\/wp-content\/uploads\/2025\/04\/osteocart_esp_x30_300dpi_logo2019ARG_web-1-768x768.jpg",768,768,true],"large":["https:\/\/importadoracristinateran.com\/wp-content\/uploads\/2025\/04\/osteocart_esp_x30_300dpi_logo2019ARG_web-1-1024x1024.jpg",1024,1024,true],"1536x1536":["https:\/\/importadoracristinateran.com\/wp-content\/uploads\/2025\/04\/osteocart_esp_x30_300dpi_logo2019ARG_web-1.jpg",1080,1080,false],"2048x2048":["https:\/\/importadoracristinateran.com\/wp-content\/uploads\/2025\/04\/osteocart_esp_x30_300dpi_logo2019ARG_web-1.jpg",1080,1080,false],"woocommerce_thumbnail":["https:\/\/importadoracristinateran.com\/wp-content\/uploads\/2025\/04\/osteocart_esp_x30_300dpi_logo2019ARG_web-1-300x300.jpg",300,300,true],"woocommerce_single":["https:\/\/importadoracristinateran.com\/wp-content\/uploads\/2025\/04\/osteocart_esp_x30_300dpi_logo2019ARG_web-1-600x600.jpg",600,600,true],"woocommerce_gallery_thumbnail":["https:\/\/importadoracristinateran.com\/wp-content\/uploads\/2025\/04\/osteocart_esp_x30_300dpi_logo2019ARG_web-1-100x100.jpg",100,100,true],"dgwt-wcas-product-suggestion":["https:\/\/importadoracristinateran.com\/wp-content\/uploads\/2025\/04\/osteocart_esp_x30_300dpi_logo2019ARG_web-1-64x64.jpg",64,64,true]},"uagb_author_info":{"display_name":"mcris.import@gmail.com","author_link":"https:\/\/importadoracristinateran.com\/?author=0"},"uagb_comment_info":0,"uagb_excerpt":"Osteocart Plus, regenerador osteoarticular cuya formulaci\u00f3n, integrada por Glucosamina, pool de amino\u00e1cidos, vitaminas y minerales, estimula el anabolismo, contribuye a la formaci\u00f3n de cart\u00edlagos, tendones, ligamentos, m\u00fasculos y huesos. Con propiedades antiinflamatorias y analg\u00e9sicas.","_links":{"self":[{"href":"https:\/\/importadoracristinateran.com\/index.php?rest_route=\/wp\/v2\/product\/979","targetHints":{"allow":["GET"]}}],"collection":[{"href":"https:\/\/importadoracristinateran.com\/index.php?rest_route=\/wp\/v2\/product"}],"about":[{"href":"https:\/\/importadoracristinateran.com\/index.php?rest_route=\/wp\/v2\/types\/product"}],"replies":[{"embeddable":true,"href":"https:\/\/importadoracristinateran.com\/index.php?rest_route=%2Fwp%2Fv2%2Fcomments&post=979"}],"wp:featuredmedia":[{"embeddable":true,"href":"https:\/\/importadoracristinateran.com\/index.php?rest_route=\/wp\/v2\/media\/1004"}],"wp:attachment":[{"href":"https:\/\/importadoracristinateran.com\/index.php?rest_route=%2Fwp%2Fv2%2Fmedia&parent=979"}],"wp:term":[{"taxonomy":"product_brand","embeddable":true,"href":"https:\/\/importadoracristinateran.com\/index.php?rest_route=%2Fwp%2Fv2%2Fproduct_brand&post=979"},{"taxonomy":"product_cat","embeddable":true,"href":"https:\/\/importadoracristinateran.com\/index.php?rest_route=%2Fwp%2Fv2%2Fproduct_cat&post=979"},{"taxonomy":"product_tag","embeddable":true,"href":"https:\/\/importadoracristinateran.com\/index.php?rest_route=%2Fwp%2Fv2%2Fproduct_tag&post=979"}],"curies":[{"name":"wp","href":"https:\/\/api.w.org\/{rel}","templated":true}]}}